17.22.245.77 - - [06/Aug/2026:03:17:14 +0200] "GET /public/theme/javascripts/system/libs/modal.ext-magnific.min.js?bust=cd45d36c740a1c1d13a5f8a0437ca8ab HTTP/2.0" 200 1040 "https://www.moneta.at/banknoten/banknoten-welt/australien-2-dollars-1966.html?language=de" "Mozilla/5.0 (Macintosh; Intel Mac OS X 10_15_7) AppleWebKit/605.1.15 (KHTML, like Gecko) Version/17.4 Safari/605.1.15 (Applebot/0.1; +http://www.apple.com/go/applebot)" "moneta.at"
34.89.116.200 - - [06/Aug/2026:03:17:14 +0200] "GET //runtime-config.js HTTP/1.1" 404 547 "-" "CCBot/2.0 (https://commoncrawl.org/faq/)" "moneta.at"
34.89.116.200 - - [06/Aug/2026:03:17:14 +0200] "GET //api/v2/settings HTTP/1.1" 301 523 "-" "CCBot/2.0 (https://commoncrawl.org/faq/)" "moneta.at"
34.89.116.200 - - [06/Aug/2026:03:17:14 +0200] "GET //manifest.webmanifest HTTP/1.1" 301 533 "-" "CCBot/2.0 (https://commoncrawl.org/faq/)" "moneta.at"
34.89.116.200 - - [06/Aug/2026:03:17:14 +0200] "GET //api/openapi.json HTTP/1.1" 301 525 "-" "CCBot/2.0 (https://commoncrawl.org/faq/)" "moneta.at"
34.89.116.200 - - [06/Aug/2026:03:17:14 +0200] "GET //openapi.json HTTP/1.1" 301 517 "-" "CCBot/2.0 (https://commoncrawl.org/faq/)" "moneta.at"
34.89.116.200 - - [06/Aug/2026:03:17:14 +0200] "GET //api/health HTTP/1.1" 301 513 "-" "CCBot/2.0 (https://commoncrawl.org/faq/)" "moneta.at"
34.89.116.200 - - [06/Aug/2026:03:17:14 +0200] "GET //health HTTP/1.1" 301 505 "-" "CCBot/2.0 (https://commoncrawl.org/faq/)" "moneta.at"
34.89.116.200 - - [06/Aug/2026:03:17:14 +0200] "GET //swagger.json HTTP/1.1" 301 517 "-" "CCBot/2.0 (https://commoncrawl.org/faq/)" "moneta.at"
34.89.116.200 - - [06/Aug/2026:03:17:14 +0200] "GET //__env.js HTTP/1.1" 404 538 "-" "CCBot/2.0 (https://commoncrawl.org/faq/)" "moneta.at"
34.89.116.200 - - [06/Aug/2026:03:17:14 +0200] "GET //app-config.json HTTP/1.1" 301 523 "-" "CCBot/2.0 (https://commoncrawl.org/faq/)" "moneta.at"
34.89.116.200 - - [06/Aug/2026:03:17:15 +0200] "GET //api/account HTTP/1.1" 301 515 "-" "CCBot/2.0 (https://commoncrawl.org/faq/)" "moneta.at"
34.89.116.200 - - [06/Aug/2026:03:17:15 +0200] "GET //service-worker.js HTTP/1.1" 404 547 "-" "CCBot/2.0 (https://commoncrawl.org/faq/)" "moneta.at"
34.89.116.200 - - [06/Aug/2026:03:17:15 +0200] "GET //sw.js HTTP/1.1" 404 535 "-" "CCBot/2.0 (https://commoncrawl.org/faq/)" "moneta.at"
34.89.116.200 - - [06/Aug/2026:03:17:15 +0200] "GET //runtime.js HTTP/1.1" 404 540 "-" "CCBot/2.0 (https://commoncrawl.org/faq/)" "moneta.at"
34.89.116.200 - - [06/Aug/2026:03:17:15 +0200] "GET //configuration.js HTTP/1.1" 404 546 "-" "CCBot/2.0 (https://commoncrawl.org/faq/)" "moneta.at"
34.89.116.200 - - [06/Aug/2026:03:17:15 +0200] "GET //api/v1/env HTTP/1.1" 301 513 "-" "CCBot/2.0 (https://commoncrawl.org/faq/)" "moneta.at"
34.89.116.200 - - [06/Aug/2026:03:17:15 +0200] "GET //graphql HTTP/1.1" 301 507 "-" "CCBot/2.0 (https://commoncrawl.org/faq/)" "moneta.at"
34.89.116.200 - - [06/Aug/2026:03:17:15 +0200] "GET //v1/graphql HTTP/1.1" 301 513 "-" "CCBot/2.0 (https://commoncrawl.org/faq/)" "moneta.at"
34.89.116.200 - - [06/Aug/2026:03:17:15 +0200] "GET //ngsw.json HTTP/1.1" 301 511 "-" "CCBot/2.0 (https://commoncrawl.org/faq/)" "moneta.at"
34.89.116.200 - - [06/Aug/2026:03:17:15 +0200] "GET //graphql/console HTTP/1.1" 301 523 "-" "CCBot/2.0 (https://commoncrawl.org/faq/)" "moneta.at"
34.89.116.200 - - [06/Aug/2026:03:17:15 +0200] "GET //api/graphql HTTP/1.1" 301 515 "-" "CCBot/2.0 (https://commoncrawl.org/faq/)" "moneta.at"
34.89.116.200 - - [06/Aug/2026:03:17:15 +0200] "GET //actuator HTTP/1.1" 301 509 "-" "CCBot/2.0 (https://commoncrawl.org/faq/)" "moneta.at"
34.89.116.200 - - [06/Aug/2026:03:17:15 +0200] "GET //actuator/configprops HTTP/1.1" 301 533 "-" "CCBot/2.0 (https://commoncrawl.org/faq/)" "moneta.at"
17.22.245.77 - - [06/Aug/2026:03:17:15 +0200] "GET /public/theme/javascripts/system/libs/modal.min.js?bust=cd45d36c740a1c1d13a5f8a0437ca8ab HTTP/2.0" 200 1758 "https://www.moneta.at/banknoten/banknoten-welt/australien-2-dollars-1966.html?language=de" "Mozilla/5.0 (Macintosh; Intel Mac OS X 10_15_7) AppleWebKit/605.1.15 (KHTML, like Gecko) Version/17.4 Safari/605.1.15 (Applebot/0.1; +http://www.apple.com/go/applebot)" "moneta.at"
34.89.116.200 - - [06/Aug/2026:03:17:15 +0200] "GET //actuator/mappings HTTP/1.1" 301 527 "-" "CCBot/2.0 (https://commoncrawl.org/faq/)" "moneta.at"
34.89.116.200 - - [06/Aug/2026:03:17:15 +0200] "GET //pi.php HTTP/1.1" 404 536 "-" "CCBot/2.0 (https://commoncrawl.org/faq/)" "moneta.at"
34.89.116.200 - - [06/Aug/2026:03:17:15 +0200] "GET //phpinfo.php HTTP/1.1" 200 96039 "-" "CCBot/2.0 (https://commoncrawl.org/faq/)" "moneta.at"
34.89.116.200 - - [06/Aug/2026:03:17:16 +0200] "GET //info.php HTTP/1.1" 404 538 "-" "CCBot/2.0 (https://commoncrawl.org/faq/)" "moneta.at"
34.89.116.200 - - [06/Aug/2026:03:17:16 +0200] "GET //test.php HTTP/1.1" 404 538 "-" "CCBot/2.0 (https://commoncrawl.org/faq/)" "moneta.at"
34.89.116.200 - - [06/Aug/2026:03:17:16 +0200] "GET //i.php HTTP/1.1" 404 535 "-" "CCBot/2.0 (https://commoncrawl.org/faq/)" "moneta.at"
34.89.116.200 - - [06/Aug/2026:03:17:16 +0200] "GET //app_dev.php HTTP/1.1" 404 541 "-" "CCBot/2.0 (https://commoncrawl.org/faq/)" "moneta.at"
34.89.116.200 - - [06/Aug/2026:03:17:16 +0200] "GET //_profiler/latest HTTP/1.1" 301 525 "-" "CCBot/2.0 (https://commoncrawl.org/faq/)" "moneta.at"
34.89.116.200 - - [06/Aug/2026:03:17:09 +0200] "GET //.boto HTTP/1.1" 301 536 "-" "CCBot/2.0 (https://commoncrawl.org/faq/)" "moneta.at"
34.89.116.200 - - [06/Aug/2026:03:17:09 +0200] "GET //terraform.tfstate HTTP/1.1" 301 527 "-" "CCBot/2.0 (https://commoncrawl.org/faq/)" "moneta.at"
34.89.116.200 - - [06/Aug/2026:03:17:09 +0200] "GET //api/graphql HTTP/1.1" 301 933 "https://admin-secure.moneta.at" "Mozilla/5.0 (Linux; Android 10; K) AppleWebKit/537.36 (KHTML, like Gecko) Chrome/152.0.0.0 Mobile Safari/537.36" "moneta.at"
34.89.116.200 - - [06/Aug/2026:03:17:10 +0200] "GET //server.key HTTP/1.1" 301 513 "-" "CCBot/2.0 (https://commoncrawl.org/faq/)" "moneta.at"
34.89.116.200 - - [06/Aug/2026:03:17:10 +0200] "GET //.openclaw/openclaw.json HTTP/1.1" 301 539 "-" "CCBot/2.0 (https://commoncrawl.org/faq/)" "moneta.at"
34.89.116.200 - - [06/Aug/2026:03:17:11 +0200] "GET //.claude.json HTTP/1.1" 301 517 "-" "CCBot/2.0 (https://commoncrawl.org/faq/)" "moneta.at"
34.89.116.200 - - [06/Aug/2026:03:17:11 +0200] "GET //.hermes/auth.json HTTP/1.1" 301 527 "-" "CCBot/2.0 (https://commoncrawl.org/faq/)" "moneta.at"
34.89.116.200 - - [06/Aug/2026:03:17:12 +0200] "GET //.profile HTTP/1.1" 301 509 "-" "CCBot/2.0 (https://commoncrawl.org/faq/)" "moneta.at"
34.89.116.200 - - [06/Aug/2026:03:17:12 +0200] "GET //wp-config.php.old HTTP/1.1" 301 527 "-" "CCBot/2.0 (https://commoncrawl.org/faq/)" "moneta.at"
34.89.116.200 - - [06/Aug/2026:03:17:12 +0200] "GET //config.php.bak HTTP/1.1" 301 521 "-" "CCBot/2.0 (https://commoncrawl.org/faq/)" "moneta.at"
34.89.116.200 - - [06/Aug/2026:03:17:13 +0200] "GET //api/config HTTP/1.1" 301 513 "-" "CCBot/2.0 (https://commoncrawl.org/faq/)" "moneta.at"
34.89.116.200 - - [06/Aug/2026:03:17:14 +0200] "GET //firebase-config.json HTTP/1.1" 301 533 "-" "CCBot/2.0 (https://commoncrawl.org/faq/)" "moneta.at"
34.89.116.200 - - [06/Aug/2026:03:17:16 +0200] "GET //_profiler/open HTTP/1.1" 301 521 "-" "CCBot/2.0 (https://commoncrawl.org/faq/)" "moneta.at"
34.89.116.200 - - [06/Aug/2026:03:17:16 +0200] "GET //app_dev.php/_profiler HTTP/1.1" 404 551 "-" "CCBot/2.0 (https://commoncrawl.org/faq/)" "moneta.at"
34.89.116.200 - - [06/Aug/2026:03:17:16 +0200] "GET //_ignition/health-check HTTP/1.1" 301 537 "-" "CCBot/2.0 (https://commoncrawl.org/faq/)" "moneta.at"
34.89.116.200 - - [06/Aug/2026:03:17:16 +0200] "GET //_debugbar/open HTTP/1.1" 301 521 "-" "CCBot/2.0 (https://commoncrawl.org/faq/)" "moneta.at"
34.89.116.200 - - [06/Aug/2026:03:17:16 +0200] "GET //elmah.axd HTTP/1.1" 301 511 "-" "CCBot/2.0 (https://commoncrawl.org/faq/)" "moneta.at"
34.89.116.200 - - [06/Aug/2026:03:17:16 +0200] "GET //__debug__/ HTTP/1.1" 301 513 "-" "CCBot/2.0 (https://commoncrawl.org/faq/)" "moneta.at"
34.89.116.200 - - [06/Aug/2026:03:17:16 +0200] "GET //server-status HTTP/1.1" 403 546 "-" "CCBot/2.0 (https://commoncrawl.org/faq/)" "moneta.at"
34.89.116.200 - - [06/Aug/2026:03:17:17 +0200] "GET //admin/.env HTTP/1.1" 404 540 "-" "CCBot/2.0 (https://commoncrawl.org/faq/)" "moneta.at"
34.89.116.200 - - [06/Aug/2026:03:17:17 +0200] "GET //trace.axd HTTP/1.1" 301 511 "-" "CCBot/2.0 (https://commoncrawl.org/faq/)" "moneta.at"
34.89.116.200 - - [06/Aug/2026:03:17:17 +0200] "GET //nginx_status HTTP/1.1" 301 517 "-" "CCBot/2.0 (https://commoncrawl.org/faq/)" "moneta.at"
34.89.116.200 - - [06/Aug/2026:03:17:17 +0200] "GET //wp-json HTTP/1.1" 301 507 "-" "CCBot/2.0 (https://commoncrawl.org/faq/)" "moneta.at"
34.89.116.200 - - [06/Aug/2026:03:17:17 +0200] "GET //config/.env HTTP/1.1" 301 675 "-" "CCBot/2.0 (https://commoncrawl.org/faq/)" "moneta.at"
34.89.116.200 - - [06/Aug/2026:03:17:17 +0200] "GET //service-account.json HTTP/1.1" 301 533 "-" "CCBot/2.0 (https://commoncrawl.org/faq/)" "moneta.at"
34.89.116.200 - - [06/Aug/2026:03:17:17 +0200] "GET //serviceAccountKey.json HTTP/1.1" 301 537 "-" "CCBot/2.0 (https://commoncrawl.org/faq/)" "moneta.at"
34.89.116.200 - - [06/Aug/2026:03:17:17 +0200] "GET //credentials.json HTTP/1.1" 301 525 "-" "CCBot/2.0 (https://commoncrawl.org/faq/)" "moneta.at"
34.89.116.200 - - [06/Aug/2026:03:17:17 +0200] "GET //key.json HTTP/1.1" 301 509 "-" "CCBot/2.0 (https://commoncrawl.org/faq/)" "moneta.at"
34.89.116.200 - - [06/Aug/2026:03:17:17 +0200] "GET //Dockerfile HTTP/1.1" 301 513 "-" "CCBot/2.0 (https://commoncrawl.org/faq/)" "moneta.at"
34.89.116.200 - - [06/Aug/2026:03:17:17 +0200] "GET //firebase-service-account.json HTTP/1.1" 301 551 "-" "CCBot/2.0 (https://commoncrawl.org/faq/)" "moneta.at"
34.89.116.200 - - [06/Aug/2026:03:17:17 +0200] "GET //.github/.env HTTP/1.1" 301 517 "-" "CCBot/2.0 (https://commoncrawl.org/faq/)" "moneta.at"
34.89.116.200 - - [06/Aug/2026:03:17:17 +0200] "GET //.aws/credentials HTTP/1.1" 301 525 "-" "CCBot/2.0 (https://commoncrawl.org/faq/)" "moneta.at"
34.89.116.200 - - [06/Aug/2026:03:17:18 +0200] "GET //.git/HEAD HTTP/1.1" 403 542 "-" "CCBot/2.0 (https://commoncrawl.org/faq/)" "moneta.at"
34.89.116.200 - - [06/Aug/2026:03:17:18 +0200] "GET //.git/config HTTP/1.1" 403 544 "-" "CCBot/2.0 (https://commoncrawl.org/faq/)" "moneta.at"
34.89.116.200 - - [06/Aug/2026:03:17:16 +0200] "GET //telescope/requests HTTP/1.1" 301 529 "-" "CCBot/2.0 (https://commoncrawl.org/faq/)" "moneta.at"
34.89.116.200 - - [06/Aug/2026:03:17:16 +0200] "GET //server-info HTTP/1.1" 403 544 "-" "CCBot/2.0 (https://commoncrawl.org/faq/)" "moneta.at"
34.89.116.200 - - [06/Aug/2026:03:17:17 +0200] "GET //backend/.env HTTP/1.1" 301 517 "-" "CCBot/2.0 (https://commoncrawl.org/faq/)" "moneta.at"
34.89.116.200 - - [06/Aug/2026:03:17:17 +0200] "GET //secrets.json HTTP/1.1" 301 517 "-" "CCBot/2.0 (https://commoncrawl.org/faq/)" "moneta.at"
34.89.116.200 - - [06/Aug/2026:03:17:17 +0200] "GET //secrets.yml HTTP/1.1" 301 515 "-" "CCBot/2.0 (https://commoncrawl.org/faq/)" "moneta.at"
34.89.116.200 - - [06/Aug/2026:03:17:17 +0200] "GET //firebase-adminsdk.json HTTP/1.1" 301 537 "-" "CCBot/2.0 (https://commoncrawl.org/faq/)" "moneta.at"
34.89.116.200 - - [06/Aug/2026:03:17:17 +0200] "GET //service_account.json HTTP/1.1" 301 533 "-" "CCBot/2.0 (https://commoncrawl.org/faq/)" "moneta.at"
17.246.23.190 - - [06/Aug/2026:03:17:18 +0200] "GET /oesterreich-kaiserreich/franz-joseph-i-1848-1916/oesterreich-ungarn-franz-joseph-i-10-filler-1894-kb-kremnitz.html HTTP/2.0" 404 77186 "-" "Mozilla/5.0 (Macintosh; Intel Mac OS X 10_15_7) AppleWebKit/605.1.15 (KHTML, like Gecko) Version/17.4 Safari/605.1.15 (Applebot/0.1; +http://www.apple.com/go/applebot)" "moneta.at"
34.89.116.200 - - [06/Aug/2026:03:17:18 +0200] "GET //.gitconfig HTTP/1.1" 301 513 "-" "CCBot/2.0 (https://commoncrawl.org/faq/)" "moneta.at"
34.89.116.200 - - [06/Aug/2026:03:17:18 +0200] "GET //.env.example HTTP/1.1" 301 517 "-" "CCBot/2.0 (https://commoncrawl.org/faq/)" "moneta.at"
34.89.116.200 - - [06/Aug/2026:03:17:18 +0200] "GET //.env.local HTTP/1.1" 301 513 "-" "CCBot/2.0 (https://commoncrawl.org/faq/)" "moneta.at"
34.89.116.200 - - [06/Aug/2026:03:17:19 +0200] "GET //.env.old HTTP/1.1" 301 509 "-" "CCBot/2.0 (https://commoncrawl.org/faq/)" "moneta.at"
34.89.116.200 - - [06/Aug/2026:03:17:18 +0200] "GET //.git-credentials HTTP/1.1" 301 525 "-" "CCBot/2.0 (https://commoncrawl.org/faq/)" "moneta.at"
34.89.116.200 - - [06/Aug/2026:03:17:18 +0200] "GET //.aws/config HTTP/1.1" 301 515 "-" "CCBot/2.0 (https://commoncrawl.org/faq/)" "moneta.at"
34.89.116.200 - - [06/Aug/2026:03:17:18 +0200] "GET //.gitlab-ci.yml HTTP/1.1" 301 521 "-" "CCBot/2.0 (https://commoncrawl.org/faq/)" "moneta.at"
34.89.116.200 - - [06/Aug/2026:03:17:18 +0200] "GET //.env HTTP/1.1" 301 501 "-" "CCBot/2.0 (https://commoncrawl.org/faq/)" "moneta.at"
34.89.116.200 - - [06/Aug/2026:03:17:18 +0200] "GET //.github/workflows/deploy.yml HTTP/1.1" 301 549 "-" "CCBot/2.0 (https://commoncrawl.org/faq/)" "moneta.at"
34.89.116.200 - - [06/Aug/2026:03:17:18 +0200] "GET //.env.production HTTP/1.1" 301 523 "-" "CCBot/2.0 (https://commoncrawl.org/faq/)" "moneta.at"
34.89.116.200 - - [06/Aug/2026:03:17:19 +0200] "GET //.env.backup HTTP/1.1" 301 515 "-" "CCBot/2.0 (https://commoncrawl.org/faq/)" "moneta.at"
34.89.116.200 - - [06/Aug/2026:03:17:19 +0200] "GET //.env.bak HTTP/1.1" 301 509 "-" "CCBot/2.0 (https://commoncrawl.org/faq/)" "moneta.at"
34.89.116.200 - - [06/Aug/2026:03:17:19 +0200] "GET //api/.env HTTP/1.1" 301 509 "-" "CCBot/2.0 (https://commoncrawl.org/faq/)" "moneta.at"
17.22.253.104 - - [06/Aug/2026:03:17:53 +0200] "GET /public/theme/javascripts/system/libs/interaction.min.js?bust=cd45d36c740a1c1d13a5f8a0437ca8ab HTTP/2.0" 200 781 "https://www.moneta.at/europa/italien/italien-vittorio-emanuele-iii-2-centesimi-1917-r.html?language=en" "Mozilla/5.0 (Macintosh; Intel Mac OS X 10_15_7) AppleWebKit/605.1.15 (KHTML, like Gecko) Version/17.4 Safari/605.1.15 (Applebot/0.1; +http://www.apple.com/go/applebot)" "moneta.at"
17.22.253.104 - - [06/Aug/2026:03:17:54 +0200] "GET /JSEngine/build/libs/xhr.min.js?bust=cd45d36c740a1c1d13a5f8a0437ca8ab HTTP/2.0" 200 587 "https://www.moneta.at/europa/italien/italien-vittorio-emanuele-iii-2-centesimi-1917-r.html?language=en" "Mozilla/5.0 (Macintosh; Intel Mac OS X 10_15_7) AppleWebKit/605.1.15 (KHTML, like Gecko) Version/17.4 Safari/605.1.15 (Applebot/0.1; +http://www.apple.com/go/applebot)" "moneta.at"
17.22.245.248 - - [06/Aug/2026:03:17:56 +0200] "GET /public/theme/javascripts/system/init-de.min.js?bust=cd45d36c740a1c1d13a5f8a0437ca8ab HTTP/2.0" 200 168523 "https://www.moneta.at/notgeld-deutschland/bayern/bayern-kempten-kriegsnotgeld-5-10-20-und-50-mark-1918.html?language=de" "Mozilla/5.0 (Macintosh; Intel Mac OS X 10_15_7) AppleWebKit/605.1.15 (KHTML, like Gecko) Version/17.4 Safari/605.1.15 (Applebot/0.1; +http://www.apple.com/go/applebot)" "moneta.at"
17.22.253.104 - - [06/Aug/2026:03:17:57 +0200] "GET /JSEngine/build/libs/form.min.js?bust=cd45d36c740a1c1d13a5f8a0437ca8ab HTTP/2.0" 200 1468 "https://www.moneta.at/europa/italien/italien-vittorio-emanuele-iii-2-centesimi-1917-r.html?language=en" "Mozilla/5.0 (Macintosh; Intel Mac OS X 10_15_7) AppleWebKit/605.1.15 (KHTML, like Gecko) Version/17.4 Safari/605.1.15 (Applebot/0.1; +http://www.apple.com/go/applebot)" "moneta.at"
17.246.19.118 - - [06/Aug/2026:03:17:58 +0200] "GET /europa/frankreich/frankreich-10-francs-1931-turin-silber.html HTTP/2.0" 404 77147 "-" "Mozilla/5.0 (Macintosh; Intel Mac OS X 10_15_7) AppleWebKit/605.1.15 (KHTML, like Gecko) Version/17.4 Safari/605.1.15 (Applebot/0.1; +http://www.apple.com/go/applebot)" "moneta.at"
17.22.245.248 - - [06/Aug/2026:03:17:58 +0200] "GET /public/theme/javascripts/system/widgets/input_number.min.js?bust=cd45d36c740a1c1d13a5f8a0437ca8ab HTTP/2.0" 200 1075 "https://www.moneta.at/notgeld-deutschland/bayern/bayern-kempten-kriegsnotgeld-5-10-20-und-50-mark-1918.html?language=de" "Mozilla/5.0 (Macintosh; Intel Mac OS X 10_15_7) AppleWebKit/605.1.15 (KHTML, like Gecko) Version/17.4 Safari/605.1.15 (Applebot/0.1; +http://www.apple.com/go/applebot)" "moneta.at"
17.22.245.248 - - [06/Aug/2026:03:18:00 +0200] "GET /public/theme/images/svgs/basket.svg HTTP/2.0" 200 2000 "https://www.moneta.at/notgeld-deutschland/bayern/bayern-kempten-kriegsnotgeld-5-10-20-und-50-mark-1918.html?language=de" "Mozilla/5.0 (Macintosh; Intel Mac OS X 10_15_7) AppleWebKit/605.1.15 (KHTML, like Gecko) Version/17.4 Safari/605.1.15 (Applebot/0.1; +http://www.apple.com/go/applebot)" "moneta.at"
17.241.219.81 - - [06/Aug/2026:03:18:00 +0200] "GET /public/theme/javascripts/system/controllers/initialize.min.js?bust=cd45d36c740a1c1d13a5f8a0437ca8ab HTTP/2.0" 200 698 "https://www.moneta.at/banknoten/banknoten-europa/slowenien-50-tolarjev-1992.html?language=en" "Mozilla/5.0 (Macintosh; Intel Mac OS X 10_15_7) AppleWebKit/605.1.15 (KHTML, like Gecko) Version/17.4 Safari/605.1.15 (Applebot/0.1; +http://www.apple.com/go/applebot)" "moneta.at"
17.241.219.81 - - [06/Aug/2026:03:18:01 +0200] "GET /public/theme/javascripts/system/widgets/responsive_image_loader.min.js?bust=cd45d36c740a1c1d13a5f8a0437ca8ab HTTP/2.0" 200 855 "https://www.moneta.at/banknoten/banknoten-europa/slowenien-50-tolarjev-1992.html?language=en" "Mozilla/5.0 (Macintosh; Intel Mac OS X 10_15_7) AppleWebKit/605.1.15 (KHTML, like Gecko) Version/17.4 Safari/605.1.15 (Applebot/0.1; +http://www.apple.com/go/applebot)" "moneta.at"
17.22.245.248 - - [06/Aug/2026:03:18:01 +0200] "GET /public/theme/images/svgs/search.svg HTTP/2.0" 200 848 "https://www.moneta.at/notgeld-deutschland/bayern/bayern-kempten-kriegsnotgeld-5-10-20-und-50-mark-1918.html?language=de" "Mozilla/5.0 (Macintosh; Intel Mac OS X 10_15_7) AppleWebKit/605.1.15 (KHTML, like Gecko) Version/17.4 Safari/605.1.15 (Applebot/0.1; +http://www.apple.com/go/applebot)" "moneta.at"
17.241.219.81 - - [06/Aug/2026:03:18:02 +0200] "GET /public/theme/javascripts/system/widgets/input_number.min.js?bust=cd45d36c740a1c1d13a5f8a0437ca8ab HTTP/2.0" 200 1052 "https://www.moneta.at/banknoten/banknoten-europa/slowenien-50-tolarjev-1992.html?language=en" "Mozilla/5.0 (Macintosh; Intel Mac OS X 10_15_7) AppleWebKit/605.1.15 (KHTML, like Gecko) Version/17.4 Safari/605.1.15 (Applebot/0.1; +http://www.apple.com/go/applebot)" "moneta.at"
17.22.245.248 - - [06/Aug/2026:03:18:03 +0200] "GET /public/theme/javascripts/system/widgets/responsive_image_loader.min.js?bust=cd45d36c740a1c1d13a5f8a0437ca8ab HTTP/2.0" 200 855 "https://www.moneta.at/notgeld-deutschland/bayern/bayern-kempten-kriegsnotgeld-5-10-20-und-50-mark-1918.html?language=de" "Mozilla/5.0 (Macintosh; Intel Mac OS X 10_15_7) AppleWebKit/605.1.15 (KHTML, like Gecko) Version/17.4 Safari/605.1.15 (Applebot/0.1; +http://www.apple.com/go/applebot)" "moneta.at"
17.241.219.81 - - [06/Aug/2026:03:18:04 +0200] "GET /public/theme/javascripts/system/widgets/transitions.min.js?bust=cd45d36c740a1c1d13a5f8a0437ca8ab HTTP/2.0" 200 920 "https://www.moneta.at/banknoten/banknoten-europa/slowenien-50-tolarjev-1992.html?language=en" "Mozilla/5.0 (Macintosh; Intel Mac OS X 10_15_7) AppleWebKit/605.1.15 (KHTML, like Gecko) Version/17.4 Safari/605.1.15 (Applebot/0.1; +http://www.apple.com/go/applebot)" "moneta.at"
157.55.39.52 - - [06/Aug/2026:03:18:03 +0200] "GET /images/product_images/original_images/WM2570.JPG HTTP/2.0" 200 407088 "-" "Mozilla/5.0 AppleWebKit/537.36 (KHTML, like Gecko; compatible; bingbot/2.0; +http://www.bing.com/bingbot.htm) Chrome/116.0.1938.76 Safari/537.36" "moneta.at"
17.22.245.248 - - [06/Aug/2026:03:18:04 +0200] "GET /public/theme/images/svgs/bars.svg HTTP/2.0" 200 531 "https://www.moneta.at/notgeld-deutschland/bayern/bayern-kempten-kriegsnotgeld-5-10-20-und-50-mark-1918.html?language=de" "Mozilla/5.0 (Macintosh; Intel Mac OS X 10_15_7) AppleWebKit/605.1.15 (KHTML, like Gecko) Version/17.4 Safari/605.1.15 (Applebot/0.1; +http://www.apple.com/go/applebot)" "moneta.at"
17.241.219.81 - - [06/Aug/2026:03:18:05 +0200] "GET /public/theme/javascripts/system/widgets/header.min.js?bust=cd45d36c740a1c1d13a5f8a0437ca8ab HTTP/2.0" 200 668 "https://www.moneta.at/banknoten/banknoten-europa/slowenien-50-tolarjev-1992.html?language=en" "Mozilla/5.0 (Macintosh; Intel Mac OS X 10_15_7) AppleWebKit/605.1.15 (KHTML, like Gecko) Version/17.4 Safari/605.1.15 (Applebot/0.1; +http://www.apple.com/go/applebot)" "moneta.at"
17.22.245.248 - - [06/Aug/2026:03:18:06 +0200] "GET /public/theme/javascripts/system/controllers/initialize.min.js?bust=cd45d36c740a1c1d13a5f8a0437ca8ab HTTP/2.0" 200 297 "https://www.moneta.at/notgeld-deutschland/bayern/bayern-kempten-kriegsnotgeld-5-10-20-und-50-mark-1918.html?language=de" "Mozilla/5.0 (Macintosh; Intel Mac OS X 10_15_7) AppleWebKit/605.1.15 (KHTML, like Gecko) Version/17.4 Safari/605.1.15 (Applebot/0.1; +http://www.apple.com/go/applebot)" "moneta.at"
17.241.219.81 - - [06/Aug/2026:03:18:07 +0200] "GET /public/theme/javascripts/system/widgets/image_maps.min.js?bust=cd45d36c740a1c1d13a5f8a0437ca8ab HTTP/2.0" 200 358 "https://www.moneta.at/banknoten/banknoten-europa/slowenien-50-tolarjev-1992.html?language=en" "Mozilla/5.0 (Macintosh; Intel Mac OS X 10_15_7) AppleWebKit/605.1.15 (KHTML, like Gecko) Version/17.4 Safari/605.1.15 (Applebot/0.1; +http://www.apple.com/go/applebot)" "moneta.at"
17.22.245.248 - - [06/Aug/2026:03:18:07 +0200] "GET /public/theme/javascripts/system/widgets/transitions.min.js?bust=cd45d36c740a1c1d13a5f8a0437ca8ab HTTP/2.0" 200 920 "https://www.moneta.at/notgeld-deutschland/bayern/bayern-kempten-kriegsnotgeld-5-10-20-und-50-mark-1918.html?language=de" "Mozilla/5.0 (Macintosh; Intel Mac OS X 10_15_7) AppleWebKit/605.1.15 (KHTML, like Gecko) Version/17.4 Safari/605.1.15 (Applebot/0.1; +http://www.apple.com/go/applebot)" "moneta.at"
17.241.219.81 - - [06/Aug/2026:03:18:08 +0200] "GET /public/theme/javascripts/system/widgets/modal.min.js?bust=cd45d36c740a1c1d13a5f8a0437ca8ab HTTP/2.0" 200 561 "https://www.moneta.at/banknoten/banknoten-europa/slowenien-50-tolarjev-1992.html?language=en" "Mozilla/5.0 (Macintosh; Intel Mac OS X 10_15_7) AppleWebKit/605.1.15 (KHTML, like Gecko) Version/17.4 Safari/605.1.15 (Applebot/0.1; +http://www.apple.com/go/applebot)" "moneta.at"
17.22.245.248 - - [06/Aug/2026:03:18:09 +0200] "GET /public/theme/javascripts/system/widgets/header.min.js?bust=cd45d36c740a1c1d13a5f8a0437ca8ab HTTP/2.0" 200 668 "https://www.moneta.at/notgeld-deutschland/bayern/bayern-kempten-kriegsnotgeld-5-10-20-und-50-mark-1918.html?language=de" "Mozilla/5.0 (Macintosh; Intel Mac OS X 10_15_7) AppleWebKit/605.1.15 (KHTML, like Gecko) Version/17.4 Safari/605.1.15 (Applebot/0.1; +http://www.apple.com/go/applebot)" "moneta.at"
17.241.219.81 - - [06/Aug/2026:03:18:10 +0200] "GET /public/theme/javascripts/system/widgets/history.min.js?bust=cd45d36c740a1c1d13a5f8a0437ca8ab HTTP/2.0" 200 387 "https://www.moneta.at/banknoten/banknoten-europa/slowenien-50-tolarjev-1992.html?language=en" "Mozilla/5.0 (Macintosh; Intel Mac OS X 10_15_7) AppleWebKit/605.1.15 (KHTML, like Gecko) Version/17.4 Safari/605.1.15 (Applebot/0.1; +http://www.apple.com/go/applebot)" "moneta.at"
17.22.245.248 - - [06/Aug/2026:03:18:10 +0200] "GET /public/theme/javascripts/system/widgets/image_maps.min.js?bust=cd45d36c740a1c1d13a5f8a0437ca8ab HTTP/2.0" 200 358 "https://www.moneta.at/notgeld-deutschland/bayern/bayern-kempten-kriegsnotgeld-5-10-20-und-50-mark-1918.html?language=de" "Mozilla/5.0 (Macintosh; Intel Mac OS X 10_15_7) AppleWebKit/605.1.15 (KHTML, like Gecko) Version/17.4 Safari/605.1.15 (Applebot/0.1; +http://www.apple.com/go/applebot)" "moneta.at"
17.241.219.81 - - [06/Aug/2026:03:18:11 +0200] "GET /public/theme/javascripts/system/widgets/dropdown.min.js?bust=cd45d36c740a1c1d13a5f8a0437ca8ab HTTP/2.0" 200 1289 "https://www.moneta.at/banknoten/banknoten-europa/slowenien-50-tolarjev-1992.html?language=en" "Mozilla/5.0 (Macintosh; Intel Mac OS X 10_15_7) AppleWebKit/605.1.15 (KHTML, like Gecko) Version/17.4 Safari/605.1.15 (Applebot/0.1; +http://www.apple.com/go/applebot)" "moneta.at"
17.22.245.248 - - [06/Aug/2026:03:18:11 +0200] "GET /public/theme/javascripts/system/widgets/modal.min.js?bust=cd45d36c740a1c1d13a5f8a0437ca8ab HTTP/2.0" 200 561 "https://www.moneta.at/notgeld-deutschland/bayern/bayern-kempten-kriegsnotgeld-5-10-20-und-50-mark-1918.html?language=de" "Mozilla/5.0 (Macintosh; Intel Mac OS X 10_15_7) AppleWebKit/605.1.15 (KHTML, like Gecko) Version/17.4 Safari/605.1.15 (Applebot/0.1; +http://www.apple.com/go/applebot)" "moneta.at"
116.179.32.26 - - [06/Aug/2026:03:18:12 +0200] "GET /jetons-wertmarken/?page=37 HTTP/2.0" 403 452 "-" "Mozilla/5.0 (compatible; Baiduspider/2.0; +http://www.baidu.com/search/spider.html)" "moneta.at"
17.241.219.81 - - [06/Aug/2026:03:18:13 +0200] "GET /public/theme/javascripts/system/widgets/core_workarounds.min.js?bust=cd45d36c740a1c1d13a5f8a0437ca8ab HTTP/2.0" 200 636 "https://www.moneta.at/banknoten/banknoten-europa/slowenien-50-tolarjev-1992.html?language=en" "Mozilla/5.0 (Macintosh; Intel Mac OS X 10_15_7) AppleWebKit/605.1.15 (KHTML, like Gecko) Version/17.4 Safari/605.1.15 (Applebot/0.1; +http://www.apple.com/go/applebot)" "moneta.at"
17.22.245.248 - - [06/Aug/2026:03:18:13 +0200] "GET /public/theme/javascripts/system/widgets/history.min.js?bust=cd45d36c740a1c1d13a5f8a0437ca8ab HTTP/2.0" 200 387 "https://www.moneta.at/notgeld-deutschland/bayern/bayern-kempten-kriegsnotgeld-5-10-20-und-50-mark-1918.html?language=de" "Mozilla/5.0 (Macintosh; Intel Mac OS X 10_15_7) AppleWebKit/605.1.15 (KHTML, like Gecko) Version/17.4 Safari/605.1.15 (Applebot/0.1; +http://www.apple.com/go/applebot)" "moneta.at"
17.241.219.81 - - [06/Aug/2026:03:18:14 +0200] "GET /public/theme/javascripts/system/widgets/anchor.min.js?bust=cd45d36c740a1c1d13a5f8a0437ca8ab HTTP/2.0" 200 454 "https://www.moneta.at/banknoten/banknoten-europa/slowenien-50-tolarjev-1992.html?language=en" "Mozilla/5.0 (Macintosh; Intel Mac OS X 10_15_7) AppleWebKit/605.1.15 (KHTML, like Gecko) Version/17.4 Safari/605.1.15 (Applebot/0.1; +http://www.apple.com/go/applebot)" "moneta.at"
17.22.245.248 - - [06/Aug/2026:03:18:14 +0200] "GET /public/theme/javascripts/system/widgets/dropdown.min.js?bust=cd45d36c740a1c1d13a5f8a0437ca8ab HTTP/2.0" 200 1289 "https://www.moneta.at/notgeld-deutschland/bayern/bayern-kempten-kriegsnotgeld-5-10-20-und-50-mark-1918.html?language=de" "Mozilla/5.0 (Macintosh; Intel Mac OS X 10_15_7) AppleWebKit/605.1.15 (KHTML, like Gecko) Version/17.4 Safari/605.1.15 (Applebot/0.1; +http://www.apple.com/go/applebot)" "moneta.at"
144.76.32.236 - - [06/Aug/2026:03:18:15 +0200] "GET /oesterreich-kaiserreich/franz-i-ii-1792-1835/franz-ii-i-1-kreuzer-1816-g-nagybanya-frauenbach-r.html HTTP/1.1" 200 23748 "-" "Mozilla/5.0 (compatible; SERankingBacklinksBot/1.0; +https://seranking.com/backlinks-crawler)" "moneta.at"
17.241.219.81 - - [06/Aug/2026:03:18:16 +0200] "GET /public/theme/javascripts/system/widgets/menu.min.js?bust=cd45d36c740a1c1d13a5f8a0437ca8ab HTTP/2.0" 200 2987 "https://www.moneta.at/banknoten/banknoten-europa/slowenien-50-tolarjev-1992.html?language=en" "Mozilla/5.0 (Macintosh; Intel Mac OS X 10_15_7) AppleWebKit/605.1.15 (KHTML, like Gecko) Version/17.4 Safari/605.1.15 (Applebot/0.1; +http://www.apple.com/go/applebot)" "moneta.at"
17.22.245.248 - - [06/Aug/2026:03:18:16 +0200] "GET /public/theme/javascripts/system/widgets/core_workarounds.min.js?bust=cd45d36c740a1c1d13a5f8a0437ca8ab HTTP/2.0" 200 636 "https://www.moneta.at/notgeld-deutschland/bayern/bayern-kempten-kriegsnotgeld-5-10-20-und-50-mark-1918.html?language=de" "Mozilla/5.0 (Macintosh; Intel Mac OS X 10_15_7) AppleWebKit/605.1.15 (KHTML, like Gecko) Version/17.4 Safari/605.1.15 (Applebot/0.1; +http://www.apple.com/go/applebot)" "moneta.at"
17.22.245.248 - - [06/Aug/2026:03:18:17 +0200] "GET /public/theme/javascripts/system/widgets/anchor.min.js?bust=cd45d36c740a1c1d13a5f8a0437ca8ab HTTP/2.0" 200 454 "https://www.moneta.at/notgeld-deutschland/bayern/bayern-kempten-kriegsnotgeld-5-10-20-und-50-mark-1918.html?language=de" "Mozilla/5.0 (Macintosh; Intel Mac OS X 10_15_7) AppleWebKit/605.1.15 (KHTML, like Gecko) Version/17.4 Safari/605.1.15 (Applebot/0.1; +http://www.apple.com/go/applebot)" "moneta.at"
17.241.219.81 - - [06/Aug/2026:03:18:17 +0200] "GET /public/theme/javascripts/system/widgets/link_crypter.min.js?bust=cd45d36c740a1c1d13a5f8a0437ca8ab HTTP/2.0" 200 492 "https://www.moneta.at/banknoten/banknoten-europa/slowenien-50-tolarjev-1992.html?language=en" "Mozilla/5.0 (Macintosh; Intel Mac OS X 10_15_7) AppleWebKit/605.1.15 (KHTML, like Gecko) Version/17.4 Safari/605.1.15 (Applebot/0.1; +http://www.apple.com/go/applebot)" "moneta.at"
17.22.245.248 - - [06/Aug/2026:03:18:19 +0200] "GET /public/theme/javascripts/system/widgets/menu.min.js?bust=cd45d36c740a1c1d13a5f8a0437ca8ab HTTP/2.0" 200 2987 "https://www.moneta.at/notgeld-deutschland/bayern/bayern-kempten-kriegsnotgeld-5-10-20-und-50-mark-1918.html?language=de" "Mozilla/5.0 (Macintosh; Intel Mac OS X 10_15_7) AppleWebKit/605.1.15 (KHTML, like Gecko) Version/17.4 Safari/605.1.15 (Applebot/0.1; +http://www.apple.com/go/applebot)" "moneta.at"
17.241.219.81 - - [06/Aug/2026:03:18:19 +0200] "GET /public/theme/javascripts/system/widgets/mobile_menu.min.js?bust=cd45d36c740a1c1d13a5f8a0437ca8ab HTTP/2.0" 200 917 "https://www.moneta.at/banknoten/banknoten-europa/slowenien-50-tolarjev-1992.html?language=en" "Mozilla/5.0 (Macintosh; Intel Mac OS X 10_15_7) AppleWebKit/605.1.15 (KHTML, like Gecko) Version/17.4 Safari/605.1.15 (Applebot/0.1; +http://www.apple.com/go/applebot)" "moneta.at"
17.22.245.248 - - [06/Aug/2026:03:18:20 +0200] "GET /public/theme/javascripts/system/widgets/link_crypter.min.js?bust=cd45d36c740a1c1d13a5f8a0437ca8ab HTTP/2.0" 200 492 "https://www.moneta.at/notgeld-deutschland/bayern/bayern-kempten-kriegsnotgeld-5-10-20-und-50-mark-1918.html?language=de" "Mozilla/5.0 (Macintosh; Intel Mac OS X 10_15_7) AppleWebKit/605.1.15 (KHTML, like Gecko) Version/17.4 Safari/605.1.15 (Applebot/0.1; +http://www.apple.com/go/applebot)" "moneta.at"
17.241.219.81 - - [06/Aug/2026:03:18:20 +0200] "GET /public/theme/javascripts/system/widgets/live_search.min.js?bust=cd45d36c740a1c1d13a5f8a0437ca8ab HTTP/2.0" 200 1084 "https://www.moneta.at/banknoten/banknoten-europa/slowenien-50-tolarjev-1992.html?language=en" "Mozilla/5.0 (Macintosh; Intel Mac OS X 10_15_7) AppleWebKit/605.1.15 (KHTML, like Gecko) Version/17.4 Safari/605.1.15 (Applebot/0.1; +http://www.apple.com/go/applebot)" "moneta.at"
17.22.245.248 - - [06/Aug/2026:03:18:22 +0200] "GET /public/theme/javascripts/system/widgets/mobile_menu.min.js?bust=cd45d36c740a1c1d13a5f8a0437ca8ab HTTP/2.0" 200 917 "https://www.moneta.at/notgeld-deutschland/bayern/bayern-kempten-kriegsnotgeld-5-10-20-und-50-mark-1918.html?language=de" "Mozilla/5.0 (Macintosh; Intel Mac OS X 10_15_7) AppleWebKit/605.1.15 (KHTML, like Gecko) Version/17.4 Safari/605.1.15 (Applebot/0.1; +http://www.apple.com/go/applebot)" "moneta.at"
17.241.219.81 - - [06/Aug/2026:03:18:22 +0200] "GET /public/theme/javascripts/system/widgets/cart_dropdown.min.js?bust=cd45d36c740a1c1d13a5f8a0437ca8ab HTTP/2.0" 200 1145 "https://www.moneta.at/banknoten/banknoten-europa/slowenien-50-tolarjev-1992.html?language=en" "Mozilla/5.0 (Macintosh; Intel Mac OS X 10_15_7) AppleWebKit/605.1.15 (KHTML, like Gecko) Version/17.4 Safari/605.1.15 (Applebot/0.1; +http://www.apple.com/go/applebot)" "moneta.at"
17.241.219.81 - - [06/Aug/2026:03:18:23 +0200] "GET /public/theme/javascripts/system/widgets/cookie_bar.min.js?bust=cd45d36c740a1c1d13a5f8a0437ca8ab HTTP/2.0" 200 491 "https://www.moneta.at/banknoten/banknoten-europa/slowenien-50-tolarjev-1992.html?language=en" "Mozilla/5.0 (Macintosh; Intel Mac OS X 10_15_7) AppleWebKit/605.1.15 (KHTML, like Gecko) Version/17.4 Safari/605.1.15 (Applebot/0.1; +http://www.apple.com/go/applebot)" "moneta.at"
17.22.245.248 - - [06/Aug/2026:03:18:24 +0200] "GET /public/theme/javascripts/system/widgets/live_search.min.js?bust=cd45d36c740a1c1d13a5f8a0437ca8ab HTTP/2.0" 200 1084 "https://www.moneta.at/notgeld-deutschland/bayern/bayern-kempten-kriegsnotgeld-5-10-20-und-50-mark-1918.html?language=de" "Mozilla/5.0 (Macintosh; Intel Mac OS X 10_15_7) AppleWebKit/605.1.15 (KHTML, like Gecko) Version/17.4 Safari/605.1.15 (Applebot/0.1; +http://www.apple.com/go/applebot)" "moneta.at"
17.241.219.81 - - [06/Aug/2026:03:18:25 +0200] "GET /public/theme/javascripts/system/widgets/image_gallery.min.js?bust=cd45d36c740a1c1d13a5f8a0437ca8ab HTTP/2.0" 200 794 "https://www.moneta.at/banknoten/banknoten-europa/slowenien-50-tolarjev-1992.html?language=en" "Mozilla/5.0 (Macintosh; Intel Mac OS X 10_15_7) AppleWebKit/605.1.15 (KHTML, like Gecko) Version/17.4 Safari/605.1.15 (Applebot/0.1; +http://www.apple.com/go/applebot)" "moneta.at"
17.22.245.248 - - [06/Aug/2026:03:18:26 +0200] "GET /public/theme/javascripts/system/widgets/cart_dropdown.min.js?bust=cd45d36c740a1c1d13a5f8a0437ca8ab HTTP/2.0" 200 1145 "https://www.moneta.at/notgeld-deutschland/bayern/bayern-kempten-kriegsnotgeld-5-10-20-und-50-mark-1918.html?language=de" "Mozilla/5.0 (Macintosh; Intel Mac OS X 10_15_7) AppleWebKit/605.1.15 (KHTML, like Gecko) Version/17.4 Safari/605.1.15 (Applebot/0.1; +http://www.apple.com/go/applebot)" "moneta.at"
62.138.3.40 - - [06/Aug/2026:03:18:24 +0200] "GET /images/product_images/original_images/MN2078_2.JPG HTTP/1.1" 200 238709 "https://www.moneta.at/notgeld-oesterreich/salzburg-97/salzburg-gutschein-gemeinde-anthering-10141.html?language=en" "Mozilla/5.0 (Macintosh; Intel Mac OS X 10.15; rv:103.0) Gecko/20100101 Firefox/103.0" "moneta.at"
17.22.237.96 - - [06/Aug/2026:03:18:23 +0200] "GET /europa/schweiz/schweiz-5-franken-1985-b-europaeisches-jahr-der-musik-8545.html?language=en HTTP/2.0" 200 15147 "-" "Mozilla/5.0 (Macintosh; Intel Mac OS X 10_15_7) AppleWebKit/605.1.15 (KHTML, like Gecko) Version/17.4 Safari/605.1.15 (Applebot/0.1; +http://www.apple.com/go/applebot)" "moneta.at"
17.241.219.81 - - [06/Aug/2026:03:18:26 +0200] "GET /public/theme/javascripts/system/widgets/magnifier.min.js?bust=cd45d36c740a1c1d13a5f8a0437ca8ab HTTP/2.0" 200 948 "https://www.moneta.at/banknoten/banknoten-europa/slowenien-50-tolarjev-1992.html?language=en" "Mozilla/5.0 (Macintosh; Intel Mac OS X 10_15_7) AppleWebKit/605.1.15 (KHTML, like Gecko) Version/17.4 Safari/605.1.15 (Applebot/0.1; +http://www.apple.com/go/applebot)" "moneta.at"
17.22.245.248 - - [06/Aug/2026:03:18:27 +0200] "GET /public/theme/javascripts/system/widgets/cookie_bar.min.js?bust=cd45d36c740a1c1d13a5f8a0437ca8ab HTTP/2.0" 200 491 "https://www.moneta.at/notgeld-deutschland/bayern/bayern-kempten-kriegsnotgeld-5-10-20-und-50-mark-1918.html?language=de" "Mozilla/5.0 (Macintosh; Intel Mac OS X 10_15_7) AppleWebKit/605.1.15 (KHTML, like Gecko) Version/17.4 Safari/605.1.15 (Applebot/0.1; +http://www.apple.com/go/applebot)" "moneta.at"
17.241.219.81 - - [06/Aug/2026:03:18:28 +0200] "GET /public/theme/javascripts/system/widgets/swiper.min.js?bust=cd45d36c740a1c1d13a5f8a0437ca8ab HTTP/2.0" 200 1999 "https://www.moneta.at/banknoten/banknoten-europa/slowenien-50-tolarjev-1992.html?language=en" "Mozilla/5.0 (Macintosh; Intel Mac OS X 10_15_7) AppleWebKit/605.1.15 (KHTML, like Gecko) Version/17.4 Safari/605.1.15 (Applebot/0.1; +http://www.apple.com/go/applebot)" "moneta.at"
17.22.245.248 - - [06/Aug/2026:03:18:29 +0200] "GET /public/theme/javascripts/system/widgets/image_gallery.min.js?bust=cd45d36c740a1c1d13a5f8a0437ca8ab HTTP/2.0" 200 794 "https://www.moneta.at/notgeld-deutschland/bayern/bayern-kempten-kriegsnotgeld-5-10-20-und-50-mark-1918.html?language=de" "Mozilla/5.0 (Macintosh; Intel Mac OS X 10_15_7) AppleWebKit/605.1.15 (KHTML, like Gecko) Version/17.4 Safari/605.1.15 (Applebot/0.1; +http://www.apple.com/go/applebot)" "moneta.at"
17.241.219.81 - - [06/Aug/2026:03:18:29 +0200] "GET /public/theme/javascripts/system/widgets/stickybox.min.js?bust=cd45d36c740a1c1d13a5f8a0437ca8ab HTTP/2.0" 200 1413 "https://www.moneta.at/banknoten/banknoten-europa/slowenien-50-tolarjev-1992.html?language=en" "Mozilla/5.0 (Macintosh; Intel Mac OS X 10_15_7) AppleWebKit/605.1.15 (KHTML, like Gecko) Version/17.4 Safari/605.1.15 (Applebot/0.1; +http://www.apple.com/go/applebot)" "moneta.at"
17.22.245.248 - - [06/Aug/2026:03:18:30 +0200] "GET /public/theme/javascripts/system/widgets/magnifier.min.js?bust=cd45d36c740a1c1d13a5f8a0437ca8ab HTTP/2.0" 200 948 "https://www.moneta.at/notgeld-deutschland/bayern/bayern-kempten-kriegsnotgeld-5-10-20-und-50-mark-1918.html?language=de" "Mozilla/5.0 (Macintosh; Intel Mac OS X 10_15_7) AppleWebKit/605.1.15 (KHTML, like Gecko) Version/17.4 Safari/605.1.15 (Applebot/0.1; +http://www.apple.com/go/applebot)" "moneta.at"
17.241.219.81 - - [06/Aug/2026:03:18:31 +0200] "GET /public/theme/javascripts/system/widgets/cart_handler.min.js?bust=cd45d36c740a1c1d13a5f8a0437ca8ab HTTP/2.0" 200 2550 "https://www.moneta.at/banknoten/banknoten-europa/slowenien-50-tolarjev-1992.html?language=en" "Mozilla/5.0 (Macintosh; Intel Mac OS X 10_15_7) AppleWebKit/605.1.15 (KHTML, like Gecko) Version/17.4 Safari/605.1.15 (Applebot/0.1; +http://www.apple.com/go/applebot)" "moneta.at"
17.22.245.248 - - [06/Aug/2026:03:18:32 +0200] "GET /public/theme/javascripts/system/widgets/swiper.min.js?bust=cd45d36c740a1c1d13a5f8a0437ca8ab HTTP/2.0" 200 1999 "https://www.moneta.at/notgeld-deutschland/bayern/bayern-kempten-kriegsnotgeld-5-10-20-und-50-mark-1918.html?language=de" "Mozilla/5.0 (Macintosh; Intel Mac OS X 10_15_7) AppleWebKit/605.1.15 (KHTML, like Gecko) Version/17.4 Safari/605.1.15 (Applebot/0.1; +http://www.apple.com/go/applebot)" "moneta.at"
17.241.219.81 - - [06/Aug/2026:03:18:32 +0200] "GET /public/theme/javascripts/system/widgets/product_min_height_fix.min.js?bust=cd45d36c740a1c1d13a5f8a0437ca8ab HTTP/2.0" 200 474 "https://www.moneta.at/banknoten/banknoten-europa/slowenien-50-tolarjev-1992.html?language=en" "Mozilla/5.0 (Macintosh; Intel Mac OS X 10_15_7) AppleWebKit/605.1.15 (KHTML, like Gecko) Version/17.4 Safari/605.1.15 (Applebot/0.1; +http://www.apple.com/go/applebot)" "moneta.at"
17.22.245.248 - - [06/Aug/2026:03:18:33 +0200] "GET /public/theme/javascripts/system/widgets/stickybox.min.js?bust=cd45d36c740a1c1d13a5f8a0437ca8ab HTTP/2.0" 200 1413 "https://www.moneta.at/notgeld-deutschland/bayern/bayern-kempten-kriegsnotgeld-5-10-20-und-50-mark-1918.html?language=de" "Mozilla/5.0 (Macintosh; Intel Mac OS X 10_15_7) AppleWebKit/605.1.15 (KHTML, like Gecko) Version/17.4 Safari/605.1.15 (Applebot/0.1; +http://www.apple.com/go/applebot)" "moneta.at"
17.241.219.81 - - [06/Aug/2026:03:18:34 +0200] "GET /public/theme/javascripts/system/widgets/product_question.min.js?bust=cd45d36c740a1c1d13a5f8a0437ca8ab HTTP/2.0" 200 935 "https://www.moneta.at/banknoten/banknoten-europa/slowenien-50-tolarjev-1992.html?language=en" "Mozilla/5.0 (Macintosh; Intel Mac OS X 10_15_7) AppleWebKit/605.1.15 (KHTML, like Gecko) Version/17.4 Safari/605.1.15 (Applebot/0.1; +http://www.apple.com/go/applebot)" "moneta.at"
17.22.245.248 - - [06/Aug/2026:03:18:35 +0200] "GET /public/theme/javascripts/system/widgets/cart_handler.min.js?bust=cd45d36c740a1c1d13a5f8a0437ca8ab HTTP/2.0" 200 2550 "https://www.moneta.at/notgeld-deutschland/bayern/bayern-kempten-kriegsnotgeld-5-10-20-und-50-mark-1918.html?language=de" "Mozilla/5.0 (Macintosh; Intel Mac OS X 10_15_7) AppleWebKit/605.1.15 (KHTML, like Gecko) Version/17.4 Safari/605.1.15 (Applebot/0.1; +http://www.apple.com/go/applebot)" "moneta.at"
17.241.219.81 - - [06/Aug/2026:03:18:35 +0200] "GET /public/theme/javascripts/system/widgets/tabs.min.js?bust=cd45d36c740a1c1d13a5f8a0437ca8ab HTTP/2.0" 200 577 "https://www.moneta.at/banknoten/banknoten-europa/slowenien-50-tolarjev-1992.html?language=en" "Mozilla/5.0 (Macintosh; Intel Mac OS X 10_15_7) AppleWebKit/605.1.15 (KHTML, like Gecko) Version/17.4 Safari/605.1.15 (Applebot/0.1; +http://www.apple.com/go/applebot)" "moneta.at"
17.22.245.248 - - [06/Aug/2026:03:18:36 +0200] "GET /public/theme/javascripts/system/widgets/product_min_height_fix.min.js?bust=cd45d36c740a1c1d13a5f8a0437ca8ab HTTP/2.0" 200 474 "https://www.moneta.at/notgeld-deutschland/bayern/bayern-kempten-kriegsnotgeld-5-10-20-und-50-mark-1918.html?language=de" "Mozilla/5.0 (Macintosh; Intel Mac OS X 10_15_7) AppleWebKit/605.1.15 (KHTML, like Gecko) Version/17.4 Safari/605.1.15 (Applebot/0.1; +http://www.apple.com/go/applebot)" "moneta.at"
17.241.219.81 - - [06/Aug/2026:03:18:37 +0200] "GET /public/theme/javascripts/system/widgets/social_share.min.js?bust=cd45d36c740a1c1d13a5f8a0437ca8ab HTTP/2.0" 200 496 "https://www.moneta.at/banknoten/banknoten-europa/slowenien-50-tolarjev-1992.html?language=en" "Mozilla/5.0 (Macintosh; Intel Mac OS X 10_15_7) AppleWebKit/605.1.15 (KHTML, like Gecko) Version/17.4 Safari/605.1.15 (Applebot/0.1; +http://www.apple.com/go/applebot)" "moneta.at"
17.22.245.248 - - [06/Aug/2026:03:18:37 +0200] "GET /public/theme/javascripts/system/widgets/product_question.min.js?bust=cd45d36c740a1c1d13a5f8a0437ca8ab HTTP/2.0" 200 1021 "https://www.moneta.at/notgeld-deutschland/bayern/bayern-kempten-kriegsnotgeld-5-10-20-und-50-mark-1918.html?language=de" "Mozilla/5.0 (Macintosh; Intel Mac OS X 10_15_7) AppleWebKit/605.1.15 (KHTML, like Gecko) Version/17.4 Safari/605.1.15 (Applebot/0.1; +http://www.apple.com/go/applebot)" "moneta.at"
17.241.219.81 - - [06/Aug/2026:03:18:38 +0200] "GET /public/theme/javascripts/system/widgets/product_hover.min.js?bust=cd45d36c740a1c1d13a5f8a0437ca8ab HTTP/2.0" 200 1422 "https://www.moneta.at/banknoten/banknoten-europa/slowenien-50-tolarjev-1992.html?language=en" "Mozilla/5.0 (Macintosh; Intel Mac OS X 10_15_7) AppleWebKit/605.1.15 (KHTML, like Gecko) Version/17.4 Safari/605.1.15 (Applebot/0.1; +http://www.apple.com/go/applebot)" "moneta.at"
17.22.245.248 - - [06/Aug/2026:03:18:39 +0200] "GET /public/theme/javascripts/system/widgets/tabs.min.js?bust=cd45d36c740a1c1d13a5f8a0437ca8ab HTTP/2.0" 200 600 "https://www.moneta.at/notgeld-deutschland/bayern/bayern-kempten-kriegsnotgeld-5-10-20-und-50-mark-1918.html?language=de" "Mozilla/5.0 (Macintosh; Intel Mac OS X 10_15_7) AppleWebKit/605.1.15 (KHTML, like Gecko) Version/17.4 Safari/605.1.15 (Applebot/0.1; +http://www.apple.com/go/applebot)" "moneta.at"
17.241.219.81 - - [06/Aug/2026:03:18:40 +0200] "GET /public/theme/javascripts/system/widgets/pageup.min.js?bust=cd45d36c740a1c1d13a5f8a0437ca8ab HTTP/2.0" 200 514 "https://www.moneta.at/banknoten/banknoten-europa/slowenien-50-tolarjev-1992.html?language=en" "Mozilla/5.0 (Macintosh; Intel Mac OS X 10_15_7) AppleWebKit/605.1.15 (KHTML, like Gecko) Version/17.4 Safari/605.1.15 (Applebot/0.1; +http://www.apple.com/go/applebot)" "moneta.at"
17.22.245.248 - - [06/Aug/2026:03:18:40 +0200] "GET /public/theme/javascripts/system/widgets/social_share.min.js?bust=cd45d36c740a1c1d13a5f8a0437ca8ab HTTP/2.0" 200 496 "https://www.moneta.at/notgeld-deutschland/bayern/bayern-kempten-kriegsnotgeld-5-10-20-und-50-mark-1918.html?language=de" "Mozilla/5.0 (Macintosh; Intel Mac OS X 10_15_7) AppleWebKit/605.1.15 (KHTML, like Gecko) Version/17.4 Safari/605.1.15 (Applebot/0.1; +http://www.apple.com/go/applebot)" "moneta.at"
17.241.219.81 - - [06/Aug/2026:03:18:41 +0200] "GET /JSEngine/build/libs/hooks.min.js?bust=cd45d36c740a1c1d13a5f8a0437ca8ab HTTP/2.0" 200 808 "https://www.moneta.at/banknoten/banknoten-europa/slowenien-50-tolarjev-1992.html?language=en" "Mozilla/5.0 (Macintosh; Intel Mac OS X 10_15_7) AppleWebKit/605.1.15 (KHTML, like Gecko) Version/17.4 Safari/605.1.15 (Applebot/0.1; +http://www.apple.com/go/applebot)" "moneta.at"
17.22.245.248 - - [06/Aug/2026:03:18:42 +0200] "GET /public/theme/javascripts/system/widgets/product_hover.min.js?bust=cd45d36c740a1c1d13a5f8a0437ca8ab HTTP/2.0" 200 1422 "https://www.moneta.at/notgeld-deutschland/bayern/bayern-kempten-kriegsnotgeld-5-10-20-und-50-mark-1918.html?language=de" "Mozilla/5.0 (Macintosh; Intel Mac OS X 10_15_7) AppleWebKit/605.1.15 (KHTML, like Gecko) Version/17.4 Safari/605.1.15 (Applebot/0.1; +http://www.apple.com/go/applebot)" "moneta.at"
17.241.219.81 - - [06/Aug/2026:03:18:43 +0200] "GET /public/theme/javascripts/system/libs/events.min.js?bust=cd45d36c740a1c1d13a5f8a0437ca8ab HTTP/2.0" 200 604 "https://www.moneta.at/banknoten/banknoten-europa/slowenien-50-tolarjev-1992.html?language=en" "Mozilla/5.0 (Macintosh; Intel Mac OS X 10_15_7) AppleWebKit/605.1.15 (KHTML, like Gecko) Version/17.4 Safari/605.1.15 (Applebot/0.1; +http://www.apple.com/go/applebot)" "moneta.at"
17.22.245.248 - - [06/Aug/2026:03:18:43 +0200] "GET /public/theme/javascripts/system/widgets/pageup.min.js?bust=cd45d36c740a1c1d13a5f8a0437ca8ab HTTP/2.0" 200 514 "https://www.moneta.at/notgeld-deutschland/bayern/bayern-kempten-kriegsnotgeld-5-10-20-und-50-mark-1918.html?language=de" "Mozilla/5.0 (Macintosh; Intel Mac OS X 10_15_7) AppleWebKit/605.1.15 (KHTML, like Gecko) Version/17.4 Safari/605.1.15 (Applebot/0.1; +http://www.apple.com/go/applebot)" "moneta.at"
17.241.219.81 - - [06/Aug/2026:03:18:44 +0200] "GET /public/theme/javascripts/system/libs/responsive.min.js?bust=cd45d36c740a1c1d13a5f8a0437ca8ab HTTP/2.0" 200 621 "https://www.moneta.at/banknoten/banknoten-europa/slowenien-50-tolarjev-1992.html?language=en" "Mozilla/5.0 (Macintosh; Intel Mac OS X 10_15_7) AppleWebKit/605.1.15 (KHTML, like Gecko) Version/17.4 Safari/605.1.15 (Applebot/0.1; +http://www.apple.com/go/applebot)" "moneta.at"
17.22.245.248 - - [06/Aug/2026:03:18:45 +0200] "GET /public/theme/javascripts/system/libs/events.min.js?bust=cd45d36c740a1c1d13a5f8a0437ca8ab HTTP/2.0" 200 581 "https://www.moneta.at/notgeld-deutschland/bayern/bayern-kempten-kriegsnotgeld-5-10-20-und-50-mark-1918.html?language=de" "Mozilla/5.0 (Macintosh; Intel Mac OS X 10_15_7) AppleWebKit/605.1.15 (KHTML, like Gecko) Version/17.4 Safari/605.1.15 (Applebot/0.1; +http://www.apple.com/go/applebot)" "moneta.at"
17.241.219.81 - - [06/Aug/2026:03:18:45 +0200] "GET /JSEngine/build/vendor/jQuery-rwdImageMaps/jquery.rwdImageMaps.min.js?bust=cd45d36c740a1c1d13a5f8a0437ca8ab HTTP/2.0" 200 606 "https://www.moneta.at/banknoten/banknoten-europa/slowenien-50-tolarjev-1992.html?language=en" "Mozilla/5.0 (Macintosh; Intel Mac OS X 10_15_7) AppleWebKit/605.1.15 (KHTML, like Gecko) Version/17.4 Safari/605.1.15 (Applebot/0.1; +http://www.apple.com/go/applebot)" "moneta.at"
17.22.245.248 - - [06/Aug/2026:03:18:46 +0200] "GET /public/theme/javascripts/system/libs/responsive.min.js?bust=cd45d36c740a1c1d13a5f8a0437ca8ab HTTP/2.0" 200 621 "https://www.moneta.at/notgeld-deutschland/bayern/bayern-kempten-kriegsnotgeld-5-10-20-und-50-mark-1918.html?language=de" "Mozilla/5.0 (Macintosh; Intel Mac OS X 10_15_7) AppleWebKit/605.1.15 (KHTML, like Gecko) Version/17.4 Safari/605.1.15 (Applebot/0.1; +http://www.apple.com/go/applebot)" "moneta.at"
17.241.219.81 - - [06/Aug/2026:03:18:47 +0200] "GET /public/theme/javascripts/system/libs/modal.ext-magnific.min.js?bust=cd45d36c740a1c1d13a5f8a0437ca8ab HTTP/2.0" 200 1041 "https://www.moneta.at/banknoten/banknoten-europa/slowenien-50-tolarjev-1992.html?language=en" "Mozilla/5.0 (Macintosh; Intel Mac OS X 10_15_7) AppleWebKit/605.1.15 (KHTML, like Gecko) Version/17.4 Safari/605.1.15 (Applebot/0.1; +http://www.apple.com/go/applebot)" "moneta.at"
17.22.245.248 - - [06/Aug/2026:03:18:47 +0200] "GET /JSEngine/build/libs/hooks.min.js?bust=cd45d36c740a1c1d13a5f8a0437ca8ab HTTP/2.0" 200 722 "https://www.moneta.at/notgeld-deutschland/bayern/bayern-kempten-kriegsnotgeld-5-10-20-und-50-mark-1918.html?language=de" "Mozilla/5.0 (Macintosh; Intel Mac OS X 10_15_7) AppleWebKit/605.1.15 (KHTML, like Gecko) Version/17.4 Safari/605.1.15 (Applebot/0.1; +http://www.apple.com/go/applebot)" "moneta.at"
17.241.219.81 - - [06/Aug/2026:03:18:48 +0200] "GET /public/theme/javascripts/system/libs/modal.min.js?bust=cd45d36c740a1c1d13a5f8a0437ca8ab HTTP/2.0" 200 1759 "https://www.moneta.at/banknoten/banknoten-europa/slowenien-50-tolarjev-1992.html?language=en" "Mozilla/5.0 (Macintosh; Intel Mac OS X 10_15_7) AppleWebKit/605.1.15 (KHTML, like Gecko) Version/17.4 Safari/605.1.15 (Applebot/0.1; +http://www.apple.com/go/applebot)" "moneta.at"
17.22.245.248 - - [06/Aug/2026:03:18:49 +0200] "GET /JSEngine/build/vendor/jQuery-rwdImageMaps/jquery.rwdImageMaps.min.js?bust=cd45d36c740a1c1d13a5f8a0437ca8ab HTTP/2.0" 200 606 "https://www.moneta.at/notgeld-deutschland/bayern/bayern-kempten-kriegsnotgeld-5-10-20-und-50-mark-1918.html?language=de" "Mozilla/5.0 (Macintosh; Intel Mac OS X 10_15_7) AppleWebKit/605.1.15 (KHTML, like Gecko) Version/17.4 Safari/605.1.15 (Applebot/0.1; +http://www.apple.com/go/applebot)" "moneta.at"
17.22.245.248 - - [06/Aug/2026:03:18:50 +0200] "GET /public/theme/javascripts/system/libs/modal.ext-magnific.min.js?bust=cd45d36c740a1c1d13a5f8a0437ca8ab HTTP/2.0" 200 1041 "https://www.moneta.at/notgeld-deutschland/bayern/bayern-kempten-kriegsnotgeld-5-10-20-und-50-mark-1918.html?language=de" "Mozilla/5.0 (Macintosh; Intel Mac OS X 10_15_7) AppleWebKit/605.1.15 (KHTML, like Gecko) Version/17.4 Safari/605.1.15 (Applebot/0.1; +http://www.apple.com/go/applebot)" "moneta.at"
17.22.245.248 - - [06/Aug/2026:03:18:52 +0200] "GET /public/theme/javascripts/system/libs/modal.min.js?bust=cd45d36c740a1c1d13a5f8a0437ca8ab HTTP/2.0" 200 1759 "https://www.moneta.at/notgeld-deutschland/bayern/bayern-kempten-kriegsnotgeld-5-10-20-und-50-mark-1918.html?language=de" "Mozilla/5.0 (Macintosh; Intel Mac OS X 10_15_7) AppleWebKit/605.1.15 (KHTML, like Gecko) Version/17.4 Safari/605.1.15 (Applebot/0.1; +http://www.apple.com/go/applebot)" "moneta.at"
189.81.4.78 - - [06/Aug/2026:03:18:29 +0200] "GET /images/product_images/original_images/WM2539.JPG HTTP/2.0" 200 567298 "-" "Mozilla/5.0 (Macintosh; Intel Mac OS X 10_15_7) AppleWebKit/537.36 (KHTML, like Gecko) Chrome/148.0.0.0 Safari/537.36" "moneta.at"
