90.146.47.57 - - [11/Aug/2026:05:46:34 +0200] "GET /JSEngine/build/libs/xhr.min.js?bust=dda2b7dbc85c79f1c71cf97888b4578f HTTP/2.0" 200 513 "https://www.moneta.at/?gad_source=1&gad_campaignid=1001593355&gclid=Cj0KCQjw7eXTBhDBARIsAKF-w47W7Ft2YrgGUBmUcWRa3ItBg_u0F1IJDiCGx_GnPG7aIrQ7EiS6eysaAt39EALw_wcB" "Mozilla/5.0 (Windows NT 10.0; Win64; x64) AppleWebKit/537.36 (KHTML, like Gecko) Chrome/151.0.0.0 Safari/537.36 Edg/151.0.0.0" "moneta.at"
90.146.47.57 - - [11/Aug/2026:05:46:34 +0200] "GET /JSEngine/build/libs/hooks.min.js?bust=dda2b7dbc85c79f1c71cf97888b4578f HTTP/2.0" 200 623 "https://www.moneta.at/?gad_source=1&gad_campaignid=1001593355&gclid=Cj0KCQjw7eXTBhDBARIsAKF-w47W7Ft2YrgGUBmUcWRa3ItBg_u0F1IJDiCGx_GnPG7aIrQ7EiS6eysaAt39EALw_wcB" "Mozilla/5.0 (Windows NT 10.0; Win64; x64) AppleWebKit/537.36 (KHTML, like Gecko) Chrome/151.0.0.0 Safari/537.36 Edg/151.0.0.0" "moneta.at"
90.146.47.57 - - [11/Aug/2026:05:46:34 +0200] "GET /public/theme/javascripts/system/libs/modal.min.js?bust=dda2b7dbc85c79f1c71cf97888b4578f HTTP/2.0" 200 1684 "https://www.moneta.at/?gad_source=1&gad_campaignid=1001593355&gclid=Cj0KCQjw7eXTBhDBARIsAKF-w47W7Ft2YrgGUBmUcWRa3ItBg_u0F1IJDiCGx_GnPG7aIrQ7EiS6eysaAt39EALw_wcB" "Mozilla/5.0 (Windows NT 10.0; Win64; x64) AppleWebKit/537.36 (KHTML, like Gecko) Chrome/151.0.0.0 Safari/537.36 Edg/151.0.0.0" "moneta.at"
90.146.47.57 - - [11/Aug/2026:05:46:34 +0200] "GET /public/theme/javascripts/system/libs/interaction.min.js?bust=dda2b7dbc85c79f1c71cf97888b4578f HTTP/2.0" 200 300 "https://www.moneta.at/?gad_source=1&gad_campaignid=1001593355&gclid=Cj0KCQjw7eXTBhDBARIsAKF-w47W7Ft2YrgGUBmUcWRa3ItBg_u0F1IJDiCGx_GnPG7aIrQ7EiS6eysaAt39EALw_wcB" "Mozilla/5.0 (Windows NT 10.0; Win64; x64) AppleWebKit/537.36 (KHTML, like Gecko) Chrome/151.0.0.0 Safari/537.36 Edg/151.0.0.0" "moneta.at"
90.146.47.57 - - [11/Aug/2026:05:46:34 +0200] "GET /JSEngine/build/vendor/jQuery-rwdImageMaps/jquery.rwdImageMaps.min.js?bust=dda2b7dbc85c79f1c71cf97888b4578f HTTP/2.0" 200 532 "https://www.moneta.at/?gad_source=1&gad_campaignid=1001593355&gclid=Cj0KCQjw7eXTBhDBARIsAKF-w47W7Ft2YrgGUBmUcWRa3ItBg_u0F1IJDiCGx_GnPG7aIrQ7EiS6eysaAt39EALw_wcB" "Mozilla/5.0 (Windows NT 10.0; Win64; x64) AppleWebKit/537.36 (KHTML, like Gecko) Chrome/151.0.0.0 Safari/537.36 Edg/151.0.0.0" "moneta.at"
90.146.47.57 - - [11/Aug/2026:05:46:34 +0200] "GET /JSEngine/build/libs/form.min.js?bust=dda2b7dbc85c79f1c71cf97888b4578f HTTP/2.0" 200 1394 "https://www.moneta.at/?gad_source=1&gad_campaignid=1001593355&gclid=Cj0KCQjw7eXTBhDBARIsAKF-w47W7Ft2YrgGUBmUcWRa3ItBg_u0F1IJDiCGx_GnPG7aIrQ7EiS6eysaAt39EALw_wcB" "Mozilla/5.0 (Windows NT 10.0; Win64; x64) AppleWebKit/537.36 (KHTML, like Gecko) Chrome/151.0.0.0 Safari/537.36 Edg/151.0.0.0" "moneta.at"
90.146.47.57 - - [11/Aug/2026:05:46:34 +0200] "GET /images/logos/favicon.ico HTTP/2.0" 200 895 "https://www.moneta.at/?gad_source=1&gad_campaignid=1001593355&gclid=Cj0KCQjw7eXTBhDBARIsAKF-w47W7Ft2YrgGUBmUcWRa3ItBg_u0F1IJDiCGx_GnPG7aIrQ7EiS6eysaAt39EALw_wcB" "Mozilla/5.0 (Windows NT 10.0; Win64; x64) AppleWebKit/537.36 (KHTML, like Gecko) Chrome/151.0.0.0 Safari/537.36 Edg/151.0.0.0" "moneta.at"
90.146.47.57 - - [11/Aug/2026:05:46:34 +0200] "GET /shop.php?do=CookieBar&page_token=&_=1786419992618 HTTP/2.0" 200 304 "https://www.moneta.at/?gad_source=1&gad_campaignid=1001593355&gclid=Cj0KCQjw7eXTBhDBARIsAKF-w47W7Ft2YrgGUBmUcWRa3ItBg_u0F1IJDiCGx_GnPG7aIrQ7EiS6eysaAt39EALw_wcB" "Mozilla/5.0 (Windows NT 10.0; Win64; x64) AppleWebKit/537.36 (KHTML, like Gecko) Chrome/151.0.0.0 Safari/537.36 Edg/151.0.0.0" "moneta.at"
90.146.47.57 - - [11/Aug/2026:05:46:42 +0200] "POST /login.php?action=process HTTP/2.0" 302 1521 "https://www.moneta.at/?gad_source=1&gad_campaignid=1001593355&gclid=Cj0KCQjw7eXTBhDBARIsAKF-w47W7Ft2YrgGUBmUcWRa3ItBg_u0F1IJDiCGx_GnPG7aIrQ7EiS6eysaAt39EALw_wcB" "Mozilla/5.0 (Windows NT 10.0; Win64; x64) AppleWebKit/537.36 (KHTML, like Gecko) Chrome/151.0.0.0 Safari/537.36 Edg/151.0.0.0" "moneta.at"
90.146.47.57 - - [11/Aug/2026:05:46:43 +0200] "GET /?gad_source=1&gad_campaignid=1001593355&gclid=Cj0KCQjw7eXTBhDBARIsAKF-w47W7Ft2YrgGUBmUcWRa3ItBg_u0F1IJDiCGx_GnPG7aIrQ7EiS6eysaAt39EALw_wcB HTTP/2.0" 200 20802 "https://www.moneta.at/?gad_source=1&gad_campaignid=1001593355&gclid=Cj0KCQjw7eXTBhDBARIsAKF-w47W7Ft2YrgGUBmUcWRa3ItBg_u0F1IJDiCGx_GnPG7aIrQ7EiS6eysaAt39EALw_wcB" "Mozilla/5.0 (Windows NT 10.0; Win64; x64) AppleWebKit/537.36 (KHTML, like Gecko) Chrome/151.0.0.0 Safari/537.36 Edg/151.0.0.0" "moneta.at"
90.146.47.57 - - [11/Aug/2026:05:46:46 +0200] "GET /images/product_images/info_images/EM1268.JPG HTTP/2.0" 200 182228 "https://www.moneta.at/?gad_source=1&gad_campaignid=1001593355&gclid=Cj0KCQjw7eXTBhDBARIsAKF-w47W7Ft2YrgGUBmUcWRa3ItBg_u0F1IJDiCGx_GnPG7aIrQ7EiS6eysaAt39EALw_wcB" "Mozilla/5.0 (Windows NT 10.0; Win64; x64) AppleWebKit/537.36 (KHTML, like Gecko) Chrome/151.0.0.0 Safari/537.36 Edg/151.0.0.0" "moneta.at"
194.187.171.158 - - [11/Aug/2026:05:46:52 +0200] "GET /jetons-wertmarken/spielmuenzen HTTP/2.0" 301 531 "-" "Mozilla/5.0 (compatible; Qwantbot/1.0_400339; +https://help.qwant.com/bot/)" "moneta.at"
194.187.171.158 - - [11/Aug/2026:05:46:52 +0200] "GET /jetons-wertmarken/spielmuenzen/ HTTP/2.0" 200 17387 "https://www.moneta.at/jetons-wertmarken/spielmuenzen" "Mozilla/5.0 (compatible; Qwantbot/1.0_400339; +https://help.qwant.com/bot/)" "moneta.at"
90.146.47.57 - - [11/Aug/2026:05:46:57 +0200] "GET /account.php HTTP/2.0" 200 13094 "https://www.moneta.at/?gad_source=1&gad_campaignid=1001593355&gclid=Cj0KCQjw7eXTBhDBARIsAKF-w47W7Ft2YrgGUBmUcWRa3ItBg_u0F1IJDiCGx_GnPG7aIrQ7EiS6eysaAt39EALw_wcB" "Mozilla/5.0 (Windows NT 10.0; Win64; x64) AppleWebKit/537.36 (KHTML, like Gecko) Chrome/151.0.0.0 Safari/537.36 Edg/151.0.0.0" "moneta.at"
17.241.219.242 - - [11/Aug/2026:05:46:58 +0200] "GET /notgeld-deutschland/sachsen-anhalt/sachsen-10-mark-1918-annaberg.html?language=de HTTP/2.0" 200 15360 "-" "Mozilla/5.0 (Macintosh; Intel Mac OS X 10_15_7) AppleWebKit/605.1.15 (KHTML, like Gecko) Version/17.4 Safari/605.1.15 (Applebot/0.1; +http://www.apple.com/go/applebot)" "moneta.at"
17.241.227.248 - - [11/Aug/2026:05:47:03 +0200] "GET /banknoten/lagergeld-deutschland/sachsen-koenigsbrueck-gefangenen-lager-1-2-5-10-50-pfennig-1-2-5-mark-1915-17-18.html HTTP/2.0" 200 16012 "-" "Mozilla/5.0 (Macintosh; Intel Mac OS X 10_15_7) AppleWebKit/605.1.15 (KHTML, like Gecko) Version/17.4 Safari/605.1.15 (Applebot/0.1; +http://www.apple.com/go/applebot)" "moneta.at"
90.146.47.57 - - [11/Aug/2026:05:47:03 +0200] "GET /account_history_info.php?order_id=1003786 HTTP/2.0" 200 13368 "https://www.moneta.at/account.php" "Mozilla/5.0 (Windows NT 10.0; Win64; x64) AppleWebKit/537.36 (KHTML, like Gecko) Chrome/151.0.0.0 Safari/537.36 Edg/151.0.0.0" "moneta.at"
223.109.255.181 - - [11/Aug/2026:05:47:16 +0200] "GET /images/product_images/info_images/em1369.jpg HTTP/1.1" 403 8212 "http://pic.sogou.com" "Sogou Pic Spider/3.0(+http://www.sogou.com/docs/help/webmasters.htm#07)" "moneta.at"
90.146.47.57 - - [11/Aug/2026:05:47:25 +0200] "GET /notgeld-oesterreich/ HTTP/2.0" 200 18058 "https://www.moneta.at/account_history_info.php?order_id=1003786" "Mozilla/5.0 (Windows NT 10.0; Win64; x64) AppleWebKit/537.36 (KHTML, like Gecko) Chrome/151.0.0.0 Safari/537.36 Edg/151.0.0.0" "moneta.at"
90.146.47.57 - - [11/Aug/2026:05:47:27 +0200] "GET /public/theme/javascripts/system/widgets/product_listing_filter.min.js?bust=dda2b7dbc85c79f1c71cf97888b4578f HTTP/2.0" 200 1133 "https://www.moneta.at/notgeld-oesterreich/" "Mozilla/5.0 (Windows NT 10.0; Win64; x64) AppleWebKit/537.36 (KHTML, like Gecko) Chrome/151.0.0.0 Safari/537.36 Edg/151.0.0.0" "moneta.at"
90.146.47.57 - - [11/Aug/2026:05:47:27 +0200] "GET /public/theme/javascripts/system/widgets/cart_handler.min.js?bust=dda2b7dbc85c79f1c71cf97888b4578f HTTP/2.0" 200 2476 "https://www.moneta.at/notgeld-oesterreich/" "Mozilla/5.0 (Windows NT 10.0; Win64; x64) AppleWebKit/537.36 (KHTML, like Gecko) Chrome/151.0.0.0 Safari/537.36 Edg/151.0.0.0" "moneta.at"
17.246.23.158 - - [11/Aug/2026:05:47:35 +0200] "GET /banknoten/banknoten-europa/russland-5-rubel-1909.html HTTP/2.0" 200 15790 "-" "Mozilla/5.0 (Macintosh; Intel Mac OS X 10_15_7) AppleWebKit/605.1.15 (KHTML, like Gecko) Version/17.4 Safari/605.1.15 (Applebot/0.1; +http://www.apple.com/go/applebot)" "moneta.at"
90.146.47.57 - - [11/Aug/2026:05:47:35 +0200] "GET /images/product_images/info_images/MN2236_2.JPG HTTP/2.0" 200 191511 "https://www.moneta.at/notgeld-oesterreich/" "Mozilla/5.0 (Windows NT 10.0; Win64; x64) AppleWebKit/537.36 (KHTML, like Gecko) Chrome/151.0.0.0 Safari/537.36 Edg/151.0.0.0" "moneta.at"
90.146.47.57 - - [11/Aug/2026:05:47:38 +0200] "GET /notgeld-oesterreich/salzburg-97/ HTTP/2.0" 200 17654 "https://www.moneta.at/notgeld-oesterreich/" "Mozilla/5.0 (Windows NT 10.0; Win64; x64) AppleWebKit/537.36 (KHTML, like Gecko) Chrome/151.0.0.0 Safari/537.36 Edg/151.0.0.0" "moneta.at"
201.103.138.245 - - [11/Aug/2026:05:47:48 +0200] "GET /images/product_images/original_images/WM3755.JPG HTTP/2.0" 200 381361 "-" "Mozilla/5.0 (Windows NT 10.0; Win64; x64) AppleWebKit/537.36 (KHTML, like Gecko) Chrome/133.0.6943.141 Safari/537.36" "moneta.at"
66.249.66.64 - - [11/Aug/2026:05:47:50 +0200] "GET /public/theme/javascripts/system/init-en.min.js?bust=dda2b7dbc85c79f1c71cf97888b4578f HTTP/1.1" 200 176149 "https://www.moneta.at/europa/spanien/?language=en" "Mozilla/5.0 (Linux; Android 6.0.1; Nexus 5X Build/MMB29P) AppleWebKit/537.36 (KHTML, like Gecko) Chrome/150.0.7871.186 Mobile Safari/537.36 (compatible; Googlebot/2.1; +http://www.google.com/bot.html)" "moneta.at"
90.146.47.57 - - [11/Aug/2026:05:47:27 +0200] "GET /JSEngine/build/libs/url_arguments.min.js?bust=dda2b7dbc85c79f1c71cf97888b4578f HTTP/2.0" 200 508 "https://www.moneta.at/notgeld-oesterreich/" "Mozilla/5.0 (Windows NT 10.0; Win64; x64) AppleWebKit/537.36 (KHTML, like Gecko) Chrome/151.0.0.0 Safari/537.36 Edg/151.0.0.0" "moneta.at"
114.119.129.128 - - [11/Aug/2026:05:47:41 +0200] "GET /notgeld-oesterreich/oberoesterreich/ooe-notgeld-alkoven-1920.html HTTP/1.1" 404 87105 "https://www.moneta.at/notgeld-oesterreich/?page=34" "Mozilla/5.0 (Linux; Android 7.0;) AppleWebKit/537.36 (HTML, like Gecko) Mobile Safari/537.36 (compatible; PetalBot;+https://webmaster.petalsearch.com/site/petalbot)" "moneta.at"
66.249.66.64 - - [11/Aug/2026:05:47:51 +0200] "GET /public/theme/styles/system/main.min.css?bust=1785888000 HTTP/1.1" 200 70562 "https://www.moneta.at/europa/spanien/?language=en" "Mozilla/5.0 (Linux; Android 6.0.1; Nexus 5X Build/MMB29P) AppleWebKit/537.36 (KHTML, like Gecko) Chrome/150.0.7871.186 Mobile Safari/537.36 (compatible; Googlebot/2.1; +http://www.google.com/bot.html)" "moneta.at"
66.249.66.66 - - [11/Aug/2026:05:47:52 +0200] "GET /public/theme/javascripts/system/widgets/pageup.min.js?bust=dda2b7dbc85c79f1c71cf97888b4578f HTTP/1.1" 200 9339 "https://www.moneta.at/europa/spanien/?language=en" "Mozilla/5.0 (Linux; Android 6.0.1; Nexus 5X Build/MMB29P) AppleWebKit/537.36 (KHTML, like Gecko) Chrome/150.0.7871.186 Mobile Safari/537.36 (compatible; Googlebot/2.1; +http://www.google.com/bot.html)" "moneta.at"
66.249.66.64 - - [11/Aug/2026:05:47:52 +0200] "GET /public/theme/javascripts/system/widgets/product_listing_filter.min.js?bust=dda2b7dbc85c79f1c71cf97888b4578f HTTP/1.1" 200 2039 "https://www.moneta.at/europa/spanien/?language=en" "Mozilla/5.0 (Linux; Android 6.0.1; Nexus 5X Build/MMB29P) AppleWebKit/537.36 (KHTML, like Gecko) Chrome/150.0.7871.186 Mobile Safari/537.36 (compatible; Googlebot/2.1; +http://www.google.com/bot.html)" "moneta.at"
66.249.66.64 - - [11/Aug/2026:05:47:53 +0200] "GET /public/theme/javascripts/system/widgets/modal.min.js?bust=dda2b7dbc85c79f1c71cf97888b4578f HTTP/1.1" 200 1564 "https://www.moneta.at/europa/spanien/?language=en" "Mozilla/5.0 (Linux; Android 6.0.1; Nexus 5X Build/MMB29P) AppleWebKit/537.36 (KHTML, like Gecko) Chrome/150.0.7871.186 Mobile Safari/537.36 (compatible; Googlebot/2.1; +http://www.google.com/bot.html)" "moneta.at"
66.249.66.64 - - [11/Aug/2026:05:47:55 +0200] "GET /public/theme/javascripts/system/widgets/dropdown.min.js?bust=dda2b7dbc85c79f1c71cf97888b4578f HTTP/1.1" 200 2294 "https://www.moneta.at/europa/spanien/?language=en" "Mozilla/5.0 (Linux; Android 6.0.1; Nexus 5X Build/MMB29P) AppleWebKit/537.36 (KHTML, like Gecko) Chrome/150.0.7871.186 Mobile Safari/537.36 (compatible; Googlebot/2.1; +http://www.google.com/bot.html)" "moneta.at"
66.249.66.64 - - [11/Aug/2026:05:47:55 +0200] "GET /public/theme/javascripts/system/widgets/cookie_bar.min.js?bust=dda2b7dbc85c79f1c71cf97888b4578f HTTP/1.1" 200 1497 "https://www.moneta.at/europa/spanien/?language=en" "Mozilla/5.0 (Linux; Android 6.0.1; Nexus 5X Build/MMB29P) AppleWebKit/537.36 (KHTML, like Gecko) Chrome/150.0.7871.186 Mobile Safari/537.36 (compatible; Googlebot/2.1; +http://www.google.com/bot.html)" "moneta.at"
66.249.66.64 - - [11/Aug/2026:05:47:56 +0200] "GET /public/theme/javascripts/system/widgets/anchor.min.js?bust=dda2b7dbc85c79f1c71cf97888b4578f HTTP/1.1" 200 1458 "https://www.moneta.at/europa/spanien/?language=en" "Mozilla/5.0 (Linux; Android 6.0.1; Nexus 5X Build/MMB29P) AppleWebKit/537.36 (KHTML, like Gecko) Chrome/150.0.7871.186 Mobile Safari/537.36 (compatible; Googlebot/2.1; +http://www.google.com/bot.html)" "moneta.at"
66.249.66.64 - - [11/Aug/2026:05:47:57 +0200] "GET /public/theme/javascripts/system/widgets/core_workarounds.min.js?bust=dda2b7dbc85c79f1c71cf97888b4578f HTTP/1.1" 200 1643 "https://www.moneta.at/europa/spanien/?language=en" "Mozilla/5.0 (Linux; Android 6.0.1; Nexus 5X Build/MMB29P) AppleWebKit/537.36 (KHTML, like Gecko) Chrome/150.0.7871.186 Mobile Safari/537.36 (compatible; Googlebot/2.1; +http://www.google.com/bot.html)" "moneta.at"
66.249.66.64 - - [11/Aug/2026:05:47:57 +0200] "GET /public/theme/javascripts/system/widgets/transitions.min.js?bust=dda2b7dbc85c79f1c71cf97888b4578f HTTP/1.1" 200 1863 "https://www.moneta.at/europa/spanien/?language=en" "Mozilla/5.0 (Linux; Android 6.0.1; Nexus 5X Build/MMB29P) AppleWebKit/537.36 (KHTML, like Gecko) Chrome/150.0.7871.186 Mobile Safari/537.36 (compatible; Googlebot/2.1; +http://www.google.com/bot.html)" "moneta.at"
66.249.66.64 - - [11/Aug/2026:05:47:59 +0200] "GET /public/theme/javascripts/system/widgets/link_crypter.min.js?bust=dda2b7dbc85c79f1c71cf97888b4578f HTTP/1.1" 200 1498 "https://www.moneta.at/europa/spanien/?language=en" "Mozilla/5.0 (Linux; Android 6.0.1; Nexus 5X Build/MMB29P) AppleWebKit/537.36 (KHTML, like Gecko) Chrome/150.0.7871.186 Mobile Safari/537.36 (compatible; Googlebot/2.1; +http://www.google.com/bot.html)" "moneta.at"
66.249.66.65 - - [11/Aug/2026:05:47:53 +0200] "GET /public/theme/javascripts/system/widgets/input_number.min.js?bust=dda2b7dbc85c79f1c71cf97888b4578f HTTP/1.1" 200 9817 "https://www.moneta.at/europa/spanien/?language=en" "Mozilla/5.0 (Linux; Android 6.0.1; Nexus 5X Build/MMB29P) AppleWebKit/537.36 (KHTML, like Gecko) Chrome/150.0.7871.186 Mobile Safari/537.36 (compatible; Googlebot/2.1; +http://www.google.com/bot.html)" "moneta.at"
66.249.66.65 - - [11/Aug/2026:05:47:54 +0200] "GET /public/theme/javascripts/system/widgets/header.min.js?bust=dda2b7dbc85c79f1c71cf97888b4578f HTTP/1.1" 200 1610 "https://www.moneta.at/europa/spanien/?language=en" "Mozilla/5.0 (Linux; Android 6.0.1; Nexus 5X Build/MMB29P) AppleWebKit/537.36 (KHTML, like Gecko) Chrome/150.0.7871.186 Mobile Safari/537.36 (compatible; Googlebot/2.1; +http://www.google.com/bot.html)" "moneta.at"
66.249.66.65 - - [11/Aug/2026:05:47:56 +0200] "GET /public/theme/javascripts/system/widgets/image_maps.min.js?bust=dda2b7dbc85c79f1c71cf97888b4578f HTTP/1.1" 200 1301 "https://www.moneta.at/europa/spanien/?language=en" "Mozilla/5.0 (Linux; Android 6.0.1; Nexus 5X Build/MMB29P) AppleWebKit/537.36 (KHTML, like Gecko) Chrome/150.0.7871.186 Mobile Safari/537.36 (compatible; Googlebot/2.1; +http://www.google.com/bot.html)" "moneta.at"
66.249.66.65 - - [11/Aug/2026:05:47:58 +0200] "GET /public/theme/javascripts/system/widgets/responsive_image_loader.min.js?bust=dda2b7dbc85c79f1c71cf97888b4578f HTTP/1.1" 200 1802 "https://www.moneta.at/europa/spanien/?language=en" "Mozilla/5.0 (Linux; Android 6.0.1; Nexus 5X Build/MMB29P) AppleWebKit/537.36 (KHTML, like Gecko) Chrome/150.0.7871.186 Mobile Safari/537.36 (compatible; Googlebot/2.1; +http://www.google.com/bot.html)" "moneta.at"
66.249.66.64 - - [11/Aug/2026:05:48:00 +0200] "GET /public/theme/javascripts/system/widgets/product_hover.min.js?bust=dda2b7dbc85c79f1c71cf97888b4578f HTTP/1.1" 200 2428 "https://www.moneta.at/europa/spanien/?language=en" "Mozilla/5.0 (Linux; Android 6.0.1; Nexus 5X Build/MMB29P) AppleWebKit/537.36 (KHTML, like Gecko) Chrome/150.0.7871.186 Mobile Safari/537.36 (compatible; Googlebot/2.1; +http://www.google.com/bot.html)" "moneta.at"
66.249.66.64 - - [11/Aug/2026:05:48:00 +0200] "GET /public/theme/javascripts/system/widgets/history.min.js?bust=dda2b7dbc85c79f1c71cf97888b4578f HTTP/1.1" 200 1392 "https://www.moneta.at/europa/spanien/?language=en" "Mozilla/5.0 (Linux; Android 6.0.1; Nexus 5X Build/MMB29P) AppleWebKit/537.36 (KHTML, like Gecko) Chrome/150.0.7871.186 Mobile Safari/537.36 (compatible; Googlebot/2.1; +http://www.google.com/bot.html)" "moneta.at"
66.249.66.64 - - [11/Aug/2026:05:48:01 +0200] "GET /public/theme/javascripts/system/widgets/cart_dropdown.min.js?bust=dda2b7dbc85c79f1c71cf97888b4578f HTTP/1.1" 200 2150 "https://www.moneta.at/europa/spanien/?language=en" "Mozilla/5.0 (Linux; Android 6.0.1; Nexus 5X Build/MMB29P) AppleWebKit/537.36 (KHTML, like Gecko) Chrome/150.0.7871.186 Mobile Safari/537.36 (compatible; Googlebot/2.1; +http://www.google.com/bot.html)" "moneta.at"
66.249.66.64 - - [11/Aug/2026:05:48:02 +0200] "GET /public/theme/javascripts/system/widgets/menu.min.js?bust=dda2b7dbc85c79f1c71cf97888b4578f HTTP/1.1" 200 3991 "https://www.moneta.at/europa/spanien/?language=en" "Mozilla/5.0 (Linux; Android 6.0.1; Nexus 5X Build/MMB29P) AppleWebKit/537.36 (KHTML, like Gecko) Chrome/150.0.7871.186 Mobile Safari/537.36 (compatible; Googlebot/2.1; +http://www.google.com/bot.html)" "moneta.at"
90.146.47.57 - - [11/Aug/2026:05:48:05 +0200] "GET /notgeld-oesterreich/salzburg-97/?page=2 HTTP/2.0" 200 17585 "https://www.moneta.at/notgeld-oesterreich/salzburg-97/" "Mozilla/5.0 (Windows NT 10.0; Win64; x64) AppleWebKit/537.36 (KHTML, like Gecko) Chrome/151.0.0.0 Safari/537.36 Edg/151.0.0.0" "moneta.at"
90.146.47.57 - - [11/Aug/2026:05:48:06 +0200] "GET /images/product_images/info_images/MN956.jpg HTTP/2.0" 200 369827 "https://www.moneta.at/notgeld-oesterreich/salzburg-97/?page=2" "Mozilla/5.0 (Windows NT 10.0; Win64; x64) AppleWebKit/537.36 (KHTML, like Gecko) Chrome/151.0.0.0 Safari/537.36 Edg/151.0.0.0" "moneta.at"
90.146.47.57 - - [11/Aug/2026:05:48:06 +0200] "GET /images/product_images/info_images/MN940.jpg HTTP/2.0" 200 198297 "https://www.moneta.at/notgeld-oesterreich/salzburg-97/?page=2" "Mozilla/5.0 (Windows NT 10.0; Win64; x64) AppleWebKit/537.36 (KHTML, like Gecko) Chrome/151.0.0.0 Safari/537.36 Edg/151.0.0.0" "moneta.at"
90.146.47.57 - - [11/Aug/2026:05:48:06 +0200] "GET /images/product_images/info_images/MN2006.jpg HTTP/2.0" 200 268321 "https://www.moneta.at/notgeld-oesterreich/salzburg-97/?page=2" "Mozilla/5.0 (Windows NT 10.0; Win64; x64) AppleWebKit/537.36 (KHTML, like Gecko) Chrome/151.0.0.0 Safari/537.36 Edg/151.0.0.0" "moneta.at"
90.146.47.57 - - [11/Aug/2026:05:48:06 +0200] "GET /images/product_images/info_images/MN256.jpg HTTP/2.0" 200 164437 "https://www.moneta.at/notgeld-oesterreich/salzburg-97/?page=2" "Mozilla/5.0 (Windows NT 10.0; Win64; x64) AppleWebKit/537.36 (KHTML, like Gecko) Chrome/151.0.0.0 Safari/537.36 Edg/151.0.0.0" "moneta.at"
90.146.47.57 - - [11/Aug/2026:05:48:06 +0200] "GET /images/product_images/info_images/MN2005.jpg HTTP/2.0" 200 263819 "https://www.moneta.at/notgeld-oesterreich/salzburg-97/?page=2" "Mozilla/5.0 (Windows NT 10.0; Win64; x64) AppleWebKit/537.36 (KHTML, like Gecko) Chrome/151.0.0.0 Safari/537.36 Edg/151.0.0.0" "moneta.at"
90.146.47.57 - - [11/Aug/2026:05:48:06 +0200] "GET /images/product_images/info_images/MN1968.jpg HTTP/2.0" 200 262965 "https://www.moneta.at/notgeld-oesterreich/salzburg-97/?page=2" "Mozilla/5.0 (Windows NT 10.0; Win64; x64) AppleWebKit/537.36 (KHTML, like Gecko) Chrome/151.0.0.0 Safari/537.36 Edg/151.0.0.0" "moneta.at"
90.146.47.57 - - [11/Aug/2026:05:48:06 +0200] "GET /images/product_images/info_images/MN1937.jpg HTTP/2.0" 200 216677 "https://www.moneta.at/notgeld-oesterreich/salzburg-97/?page=2" "Mozilla/5.0 (Windows NT 10.0; Win64; x64) AppleWebKit/537.36 (KHTML, like Gecko) Chrome/151.0.0.0 Safari/537.36 Edg/151.0.0.0" "moneta.at"
90.146.47.57 - - [11/Aug/2026:05:48:06 +0200] "GET /images/product_images/info_images/MN1928.jpg HTTP/2.0" 200 163775 "https://www.moneta.at/notgeld-oesterreich/salzburg-97/?page=2" "Mozilla/5.0 (Windows NT 10.0; Win64; x64) AppleWebKit/537.36 (KHTML, like Gecko) Chrome/151.0.0.0 Safari/537.36 Edg/151.0.0.0" "moneta.at"
90.146.47.57 - - [11/Aug/2026:05:48:06 +0200] "GET /images/product_images/info_images/MN1899.jpg HTTP/2.0" 200 213328 "https://www.moneta.at/notgeld-oesterreich/salzburg-97/?page=2" "Mozilla/5.0 (Windows NT 10.0; Win64; x64) AppleWebKit/537.36 (KHTML, like Gecko) Chrome/151.0.0.0 Safari/537.36 Edg/151.0.0.0" "moneta.at"
66.249.66.64 - - [11/Aug/2026:05:48:19 +0200] "GET /public/theme/javascripts/system/libs/interaction.min.js?bust=dda2b7dbc85c79f1c71cf97888b4578f HTTP/1.1" 200 9201 "https://www.moneta.at/europa/spanien/?language=en" "Mozilla/5.0 (Linux; Android 6.0.1; Nexus 5X Build/MMB29P) AppleWebKit/537.36 (KHTML, like Gecko) Chrome/150.0.7871.186 Mobile Safari/537.36 (compatible; Googlebot/2.1; +http://www.google.com/bot.html)" "moneta.at"
66.249.66.64 - - [11/Aug/2026:05:48:19 +0200] "GET /notgeld-oesterreich/oberoesterreich/?language=en HTTP/1.1" 200 18659 "-" "Mozilla/5.0 (Linux; Android 6.0.1; Nexus 5X Build/MMB29P) AppleWebKit/537.36 (KHTML, like Gecko) Chrome/150.0.7871.186 Mobile Safari/537.36 (compatible; Googlebot/2.1; +http://www.google.com/bot.html)" "moneta.at"
66.249.66.64 - - [11/Aug/2026:05:48:21 +0200] "GET /public/theme/javascripts/system/libs/events.min.js?bust=dda2b7dbc85c79f1c71cf97888b4578f HTTP/1.1" 200 1584 "https://www.moneta.at/europa/spanien/?language=en" "Mozilla/5.0 (Linux; Android 6.0.1; Nexus 5X Build/MMB29P) AppleWebKit/537.36 (KHTML, like Gecko) Chrome/150.0.7871.186 Mobile Safari/537.36 (compatible; Googlebot/2.1; +http://www.google.com/bot.html)" "moneta.at"
66.249.66.64 - - [11/Aug/2026:05:48:21 +0200] "GET /public/theme/javascripts/system/libs/responsive.min.js?bust=dda2b7dbc85c79f1c71cf97888b4578f HTTP/1.1" 200 1625 "https://www.moneta.at/europa/spanien/?language=en" "Mozilla/5.0 (Linux; Android 6.0.1; Nexus 5X Build/MMB29P) AppleWebKit/537.36 (KHTML, like Gecko) Chrome/150.0.7871.186 Mobile Safari/537.36 (compatible; Googlebot/2.1; +http://www.google.com/bot.html)" "moneta.at"
66.249.66.64 - - [11/Aug/2026:05:48:22 +0200] "GET /JSEngine/build/libs/url_arguments.min.js?bust=dda2b7dbc85c79f1c71cf97888b4578f HTTP/1.1" 200 1556 "https://www.moneta.at/europa/spanien/?language=en" "Mozilla/5.0 (Linux; Android 6.0.1; Nexus 5X Build/MMB29P) AppleWebKit/537.36 (KHTML, like Gecko) Chrome/150.0.7871.186 Mobile Safari/537.36 (compatible; Googlebot/2.1; +http://www.google.com/bot.html)" "moneta.at"
66.249.66.64 - - [11/Aug/2026:05:48:22 +0200] "GET /public/theme/javascripts/system/libs/modal.ext-magnific.min.js?bust=dda2b7dbc85c79f1c71cf97888b4578f HTTP/1.1" 200 2047 "https://www.moneta.at/europa/spanien/?language=en" "Mozilla/5.0 (Linux; Android 6.0.1; Nexus 5X Build/MMB29P) AppleWebKit/537.36 (KHTML, like Gecko) Chrome/150.0.7871.186 Mobile Safari/537.36 (compatible; Googlebot/2.1; +http://www.google.com/bot.html)" "moneta.at"
66.249.66.64 - - [11/Aug/2026:05:48:23 +0200] "GET /JSEngine/build/libs/xhr.min.js?bust=dda2b7dbc85c79f1c71cf97888b4578f HTTP/1.1" 200 1559 "https://www.moneta.at/europa/spanien/?language=en" "Mozilla/5.0 (Linux; Android 6.0.1; Nexus 5X Build/MMB29P) AppleWebKit/537.36 (KHTML, like Gecko) Chrome/150.0.7871.186 Mobile Safari/537.36 (compatible; Googlebot/2.1; +http://www.google.com/bot.html)" "moneta.at"
66.249.66.64 - - [11/Aug/2026:05:48:24 +0200] "GET /JSEngine/build/vendor/jQuery-rwdImageMaps/jquery.rwdImageMaps.min.js?bust=dda2b7dbc85c79f1c71cf97888b4578f HTTP/1.1" 200 1611 "https://www.moneta.at/europa/spanien/?language=en" "Mozilla/5.0 (Linux; Android 6.0.1; Nexus 5X Build/MMB29P) AppleWebKit/537.36 (KHTML, like Gecko) Chrome/150.0.7871.186 Mobile Safari/537.36 (compatible; Googlebot/2.1; +http://www.google.com/bot.html)" "moneta.at"
66.249.66.64 - - [11/Aug/2026:05:48:24 +0200] "GET /public/theme/javascripts/system/libs/modal.min.js?bust=dda2b7dbc85c79f1c71cf97888b4578f HTTP/1.1" 200 2762 "https://www.moneta.at/europa/spanien/?language=en" "Mozilla/5.0 (Linux; Android 6.0.1; Nexus 5X Build/MMB29P) AppleWebKit/537.36 (KHTML, like Gecko) Chrome/150.0.7871.186 Mobile Safari/537.36 (compatible; Googlebot/2.1; +http://www.google.com/bot.html)" "moneta.at"
52.167.144.138 - - [11/Aug/2026:05:48:27 +0200] "GET /images/product_images/info_images/WM3679.JPG HTTP/2.0" 404 629 "-" "Mozilla/5.0 AppleWebKit/537.36 (KHTML, like Gecko; compatible; bingbot/2.0; +http://www.bing.com/bingbot.htm) Chrome/116.0.1938.76 Safari/537.36" "moneta.at"
17.246.15.183 - - [11/Aug/2026:05:48:31 +0200] "GET /public/theme/javascripts/system/init-en.min.js?bust=dda2b7dbc85c79f1c71cf97888b4578f HTTP/2.0" 200 167671 "https://www.moneta.at/europa/spanien/spanien-alfonso-xii-10-centimos-1879.html?language=en" "Mozilla/5.0 (Macintosh; Intel Mac OS X 10_15_7) AppleWebKit/605.1.15 (KHTML, like Gecko) Version/17.4 Safari/605.1.15 (Applebot/0.1; +http://www.apple.com/go/applebot)" "moneta.at"
90.146.47.57 - - [11/Aug/2026:05:48:33 +0200] "GET /notgeld-oesterreich/salzburg-97/?page=3 HTTP/2.0" 200 17563 "https://www.moneta.at/notgeld-oesterreich/salzburg-97/?page=2" "Mozilla/5.0 (Windows NT 10.0; Win64; x64) AppleWebKit/537.36 (KHTML, like Gecko) Chrome/151.0.0.0 Safari/537.36 Edg/151.0.0.0" "moneta.at"
90.146.47.57 - - [11/Aug/2026:05:48:34 +0200] "GET /images/product_images/info_images/MN1894.jpg HTTP/2.0" 200 245826 "https://www.moneta.at/notgeld-oesterreich/salzburg-97/?page=3" "Mozilla/5.0 (Windows NT 10.0; Win64; x64) AppleWebKit/537.36 (KHTML, like Gecko) Chrome/151.0.0.0 Safari/537.36 Edg/151.0.0.0" "moneta.at"
90.146.47.57 - - [11/Aug/2026:05:48:34 +0200] "GET /images/product_images/info_images/MN1871.jpg HTTP/2.0" 200 187725 "https://www.moneta.at/notgeld-oesterreich/salzburg-97/?page=3" "Mozilla/5.0 (Windows NT 10.0; Win64; x64) AppleWebKit/537.36 (KHTML, like Gecko) Chrome/151.0.0.0 Safari/537.36 Edg/151.0.0.0" "moneta.at"
90.146.47.57 - - [11/Aug/2026:05:48:34 +0200] "GET /images/product_images/info_images/MN1868.jpg HTTP/2.0" 200 242979 "https://www.moneta.at/notgeld-oesterreich/salzburg-97/?page=3" "Mozilla/5.0 (Windows NT 10.0; Win64; x64) AppleWebKit/537.36 (KHTML, like Gecko) Chrome/151.0.0.0 Safari/537.36 Edg/151.0.0.0" "moneta.at"
90.146.47.57 - - [11/Aug/2026:05:48:34 +0200] "GET /images/product_images/info_images/MN1867.jpg HTTP/2.0" 200 209053 "https://www.moneta.at/notgeld-oesterreich/salzburg-97/?page=3" "Mozilla/5.0 (Windows NT 10.0; Win64; x64) AppleWebKit/537.36 (KHTML, like Gecko) Chrome/151.0.0.0 Safari/537.36 Edg/151.0.0.0" "moneta.at"
90.146.47.57 - - [11/Aug/2026:05:48:34 +0200] "GET /images/product_images/info_images/MN1832.jpg HTTP/2.0" 200 217421 "https://www.moneta.at/notgeld-oesterreich/salzburg-97/?page=3" "Mozilla/5.0 (Windows NT 10.0; Win64; x64) AppleWebKit/537.36 (KHTML, like Gecko) Chrome/151.0.0.0 Safari/537.36 Edg/151.0.0.0" "moneta.at"
90.146.47.57 - - [11/Aug/2026:05:48:34 +0200] "GET /images/product_images/info_images/MN1831.jpg HTTP/2.0" 200 258203 "https://www.moneta.at/notgeld-oesterreich/salzburg-97/?page=3" "Mozilla/5.0 (Windows NT 10.0; Win64; x64) AppleWebKit/537.36 (KHTML, like Gecko) Chrome/151.0.0.0 Safari/537.36 Edg/151.0.0.0" "moneta.at"
90.146.47.57 - - [11/Aug/2026:05:48:34 +0200] "GET /images/product_images/info_images/MN1817.jpg HTTP/2.0" 200 227107 "https://www.moneta.at/notgeld-oesterreich/salzburg-97/?page=3" "Mozilla/5.0 (Windows NT 10.0; Win64; x64) AppleWebKit/537.36 (KHTML, like Gecko) Chrome/151.0.0.0 Safari/537.36 Edg/151.0.0.0" "moneta.at"
90.146.47.57 - - [11/Aug/2026:05:48:34 +0200] "GET /images/product_images/info_images/MN1815.jpg HTTP/2.0" 200 248185 "https://www.moneta.at/notgeld-oesterreich/salzburg-97/?page=3" "Mozilla/5.0 (Windows NT 10.0; Win64; x64) AppleWebKit/537.36 (KHTML, like Gecko) Chrome/151.0.0.0 Safari/537.36 Edg/151.0.0.0" "moneta.at"
90.146.47.57 - - [11/Aug/2026:05:48:34 +0200] "GET /images/product_images/info_images/MN1816.jpg HTTP/2.0" 200 197169 "https://www.moneta.at/notgeld-oesterreich/salzburg-97/?page=3" "Mozilla/5.0 (Windows NT 10.0; Win64; x64) AppleWebKit/537.36 (KHTML, like Gecko) Chrome/151.0.0.0 Safari/537.36 Edg/151.0.0.0" "moneta.at"
90.146.47.57 - - [11/Aug/2026:05:48:34 +0200] "GET /images/product_images/info_images/MN1779.jpg HTTP/2.0" 200 207461 "https://www.moneta.at/notgeld-oesterreich/salzburg-97/?page=3" "Mozilla/5.0 (Windows NT 10.0; Win64; x64) AppleWebKit/537.36 (KHTML, like Gecko) Chrome/151.0.0.0 Safari/537.36 Edg/151.0.0.0" "moneta.at"
90.146.47.57 - - [11/Aug/2026:05:48:34 +0200] "GET /images/product_images/info_images/MN1778.jpg HTTP/2.0" 200 212291 "https://www.moneta.at/notgeld-oesterreich/salzburg-97/?page=3" "Mozilla/5.0 (Windows NT 10.0; Win64; x64) AppleWebKit/537.36 (KHTML, like Gecko) Chrome/151.0.0.0 Safari/537.36 Edg/151.0.0.0" "moneta.at"
110.249.202.144 - - [11/Aug/2026:05:48:46 +0200] "GET /deutschland/?page=24 HTTP/2.0" 403 736 "-" "Mozilla/5.0 (Linux; Android 5.0) AppleWebKit/537.36 (KHTML, like Gecko) Mobile Safari/537.36 (compatible; Bytespider; https://zhanzhang.toutiao.com/)" "moneta.at"
110.249.202.135 - - [11/Aug/2026:05:48:51 +0200] "GET /robots.txt HTTP/1.1" 403 8345 "-" "Mozilla/5.0 (Linux; Android 5.0) AppleWebKit/537.36 (KHTML, like Gecko) Mobile Safari/537.36 (compatible; Bytespider; https://zhanzhang.toutiao.com/)" "moneta.at"
90.146.47.57 - - [11/Aug/2026:05:49:01 +0200] "GET /notgeld-oesterreich/salzburg-97/?page=4 HTTP/2.0" 200 17542 "https://www.moneta.at/notgeld-oesterreich/salzburg-97/?page=3" "Mozilla/5.0 (Windows NT 10.0; Win64; x64) AppleWebKit/537.36 (KHTML, like Gecko) Chrome/151.0.0.0 Safari/537.36 Edg/151.0.0.0" "moneta.at"
114.119.160.138 - - [11/Aug/2026:05:49:08 +0200] "GET /notgeld-deutschland/thueringen/images/product_images/original_images/ND1343.jpg HTTP/1.1" 404 9776 "https://www.moneta.at/notgeld-deutschland/thueringen/thueringen-1000-mark-1923-gotha.html" "Mozilla/5.0 (Linux; Android 7.0;) AppleWebKit/537.36 (HTML, like Gecko) Mobile Safari/537.36 (compatible; PetalBot;+https://webmaster.petalsearch.com/site/petalbot)" "moneta.at"
110.249.201.89 - - [11/Aug/2026:05:49:10 +0200] "GET /blog/ HTTP/2.0" 403 725 "-" "Mozilla/5.0 (Linux; Android 5.0) AppleWebKit/537.36 (KHTML, like Gecko) Mobile Safari/537.36 (compatible; Bytespider; https://zhanzhang.toutiao.com/)" "moneta.at"
90.146.47.57 - - [11/Aug/2026:05:49:34 +0200] "GET /notgeld-oesterreich/salzburg-97/?page=5 HTTP/2.0" 200 17513 "https://www.moneta.at/notgeld-oesterreich/salzburg-97/?page=4" "Mozilla/5.0 (Windows NT 10.0; Win64; x64) AppleWebKit/537.36 (KHTML, like Gecko) Chrome/151.0.0.0 Safari/537.36 Edg/151.0.0.0" "moneta.at"
111.225.149.78 - - [11/Aug/2026:05:49:35 +0200] "GET /mittelalter/ HTTP/2.0" 403 729 "-" "Mozilla/5.0 (Linux; Android 5.0) AppleWebKit/537.36 (KHTML, like Gecko) Mobile Safari/537.36 (compatible; Bytespider; https://zhanzhang.toutiao.com/)" "moneta.at"
129.146.211.199 - - [11/Aug/2026:05:49:42 +0200] "GET /banknoten/banknoten-welt/banknoten/banknoten-welt/mosambik-1000-meticais-1983.html HTTP/1.1" 301 9883 "-" "Scrapy/2.17.0 (+https://scrapy.org)" "moneta.at"
111.225.148.27 - - [11/Aug/2026:05:49:59 +0200] "GET / HTTP/2.0" 403 719 "-" "Mozilla/5.0 (Linux; Android 5.0) AppleWebKit/537.36 (KHTML, like Gecko) Mobile Safari/537.36 (compatible; Bytespider; https://zhanzhang.toutiao.com/)" "moneta.at"
90.146.47.57 - - [11/Aug/2026:05:50:00 +0200] "GET /notgeld-oesterreich/salzburg-97/?page=6 HTTP/2.0" 200 15363 "https://www.moneta.at/notgeld-oesterreich/salzburg-97/?page=5" "Mozilla/5.0 (Windows NT 10.0; Win64; x64) AppleWebKit/537.36 (KHTML, like Gecko) Chrome/151.0.0.0 Safari/537.36 Edg/151.0.0.0" "moneta.at"
66.249.66.64 - - [11/Aug/2026:05:50:07 +0200] "GET /jetons-wertmarken/?language=en HTTP/1.1" 200 25789 "-" "Mozilla/5.0 (Linux; Android 6.0.1; Nexus 5X Build/MMB29P) AppleWebKit/537.36 (KHTML, like Gecko) Chrome/150.0.7871.186 Mobile Safari/537.36 (compatible; Googlebot/2.1; +http://www.google.com/bot.html)" "moneta.at"
66.249.66.64 - - [11/Aug/2026:05:50:14 +0200] "GET /public/theme/javascripts/system/widgets/history.min.js?bust=cd45d36c740a1c1d13a5f8a0437ca8ab HTTP/1.1" 200 9241 "https://www.moneta.at/jetons-wertmarken/notmuenzen-oesterreich/berndorfer-metallwarenfabrik-arthur-krupp-a-g-50-heller-o-j.html?language=de" "Mozilla/5.0 (Linux; Android 6.0.1; Nexus 5X Build/MMB29P) AppleWebKit/537.36 (KHTML, like Gecko) Chrome/150.0.7871.186 Mobile Safari/537.36 (compatible; Googlebot/2.1; +http://www.google.com/bot.html)" "moneta.at"
90.146.47.57 - - [11/Aug/2026:05:50:14 +0200] "GET /notgeld-oesterreich/oberoesterreich/ HTTP/2.0" 200 18056 "https://www.moneta.at/notgeld-oesterreich/salzburg-97/?page=6" "Mozilla/5.0 (Windows NT 10.0; Win64; x64) AppleWebKit/537.36 (KHTML, like Gecko) Chrome/151.0.0.0 Safari/537.36 Edg/151.0.0.0" "moneta.at"
90.146.47.57 - - [11/Aug/2026:05:50:15 +0200] "GET /images/product_images/info_images/MN2219.JPG HTTP/2.0" 200 184462 "https://www.moneta.at/notgeld-oesterreich/oberoesterreich/" "Mozilla/5.0 (Windows NT 10.0; Win64; x64) AppleWebKit/537.36 (KHTML, like Gecko) Chrome/151.0.0.0 Safari/537.36 Edg/151.0.0.0" "moneta.at"
129.146.211.199 - - [11/Aug/2026:05:50:15 +0200] "GET /banknoten/banknoten-welt/mosambik-1000-meticais-1983.html HTTP/1.1" 200 24833 "https://www.moneta.at/banknoten/banknoten-welt/banknoten/banknoten-welt/mosambik-1000-meticais-1983.html" "Scrapy/2.17.0 (+https://scrapy.org)" "moneta.at"
90.146.47.57 - - [11/Aug/2026:05:50:17 +0200] "GET /images/product_images/thumbnail_images/MN2234_2.JPG HTTP/2.0" 200 24122 "https://www.moneta.at/notgeld-oesterreich/oberoesterreich/" "Mozilla/5.0 (Windows NT 10.0; Win64; x64) AppleWebKit/537.36 (KHTML, like Gecko) Chrome/151.0.0.0 Safari/537.36 Edg/151.0.0.0" "moneta.at"
90.146.47.57 - - [11/Aug/2026:05:50:17 +0200] "GET /images/product_images/thumbnail_images/MN2234.JPG HTTP/2.0" 200 26353 "https://www.moneta.at/notgeld-oesterreich/oberoesterreich/" "Mozilla/5.0 (Windows NT 10.0; Win64; x64) AppleWebKit/537.36 (KHTML, like Gecko) Chrome/151.0.0.0 Safari/537.36 Edg/151.0.0.0" "moneta.at"
17.241.219.215 - - [11/Aug/2026:05:50:21 +0200] "GET /oesterreich-kaiserreich/franz-i-ii-1792-1835/oesterreich-franz-ii-i-20-kreuzer-1814-a-wien.html HTTP/2.0" 404 77172 "-" "Mozilla/5.0 (Macintosh; Intel Mac OS X 10_15_7) AppleWebKit/605.1.15 (KHTML, like Gecko) Version/17.4 Safari/605.1.15 (Applebot/0.1; +http://www.apple.com/go/applebot)" "moneta.at"
114.119.129.128 - - [11/Aug/2026:05:50:33 +0200] "GET /media/images/mobile/thumb/ArtWM1689.jpg HTTP/1.1" 404 9708 "https://www.moneta.at/media/images/mobile/thumb/ArtWM1689.jpg" "Mozilla/5.0 (Linux; Android 7.0;) AppleWebKit/537.36 (HTML, like Gecko) Mobile Safari/537.36 (compatible; PetalBot;+https://webmaster.petalsearch.com/site/petalbot)" "moneta.at"
90.146.47.57 - - [11/Aug/2026:05:50:37 +0200] "GET /notgeld-oesterreich/oberoesterreich/?page=38 HTTP/2.0" 200 17512 "https://www.moneta.at/notgeld-oesterreich/oberoesterreich/" "Mozilla/5.0 (Windows NT 10.0; Win64; x64) AppleWebKit/537.36 (KHTML, like Gecko) Chrome/151.0.0.0 Safari/537.36 Edg/151.0.0.0" "moneta.at"
90.146.47.57 - - [11/Aug/2026:05:50:38 +0200] "GET /images/product_images/info_images/MN1034.jpg HTTP/2.0" 200 213409 "https://www.moneta.at/notgeld-oesterreich/oberoesterreich/?page=38" "Mozilla/5.0 (Windows NT 10.0; Win64; x64) AppleWebKit/537.36 (KHTML, like Gecko) Chrome/151.0.0.0 Safari/537.36 Edg/151.0.0.0" "moneta.at"
90.146.47.57 - - [11/Aug/2026:05:50:38 +0200] "GET /images/product_images/info_images/MN1032.jpg HTTP/2.0" 200 204516 "https://www.moneta.at/notgeld-oesterreich/oberoesterreich/?page=38" "Mozilla/5.0 (Windows NT 10.0; Win64; x64) AppleWebKit/537.36 (KHTML, like Gecko) Chrome/151.0.0.0 Safari/537.36 Edg/151.0.0.0" "moneta.at"
90.146.47.57 - - [11/Aug/2026:05:50:38 +0200] "GET /images/product_images/info_images/MN1033.jpg HTTP/2.0" 200 199940 "https://www.moneta.at/notgeld-oesterreich/oberoesterreich/?page=38" "Mozilla/5.0 (Windows NT 10.0; Win64; x64) AppleWebKit/537.36 (KHTML, like Gecko) Chrome/151.0.0.0 Safari/537.36 Edg/151.0.0.0" "moneta.at"
90.146.47.57 - - [11/Aug/2026:05:50:38 +0200] "GET /images/product_images/info_images/MN1031.jpg HTTP/2.0" 200 190040 "https://www.moneta.at/notgeld-oesterreich/oberoesterreich/?page=38" "Mozilla/5.0 (Windows NT 10.0; Win64; x64) AppleWebKit/537.36 (KHTML, like Gecko) Chrome/151.0.0.0 Safari/537.36 Edg/151.0.0.0" "moneta.at"
90.146.47.57 - - [11/Aug/2026:05:50:38 +0200] "GET /images/product_images/info_images/MN1026.jpg HTTP/2.0" 200 144958 "https://www.moneta.at/notgeld-oesterreich/oberoesterreich/?page=38" "Mozilla/5.0 (Windows NT 10.0; Win64; x64) AppleWebKit/537.36 (KHTML, like Gecko) Chrome/151.0.0.0 Safari/537.36 Edg/151.0.0.0" "moneta.at"
90.146.47.57 - - [11/Aug/2026:05:50:38 +0200] "GET /images/product_images/info_images/MN1024.jpg HTTP/2.0" 200 204617 "https://www.moneta.at/notgeld-oesterreich/oberoesterreich/?page=38" "Mozilla/5.0 (Windows NT 10.0; Win64; x64) AppleWebKit/537.36 (KHTML, like Gecko) Chrome/151.0.0.0 Safari/537.36 Edg/151.0.0.0" "moneta.at"
90.146.47.57 - - [11/Aug/2026:05:50:38 +0200] "GET /images/product_images/info_images/MN1019.jpg HTTP/2.0" 200 159480 "https://www.moneta.at/notgeld-oesterreich/oberoesterreich/?page=38" "Mozilla/5.0 (Windows NT 10.0; Win64; x64) AppleWebKit/537.36 (KHTML, like Gecko) Chrome/151.0.0.0 Safari/537.36 Edg/151.0.0.0" "moneta.at"
90.146.47.57 - - [11/Aug/2026:05:50:38 +0200] "GET /images/product_images/info_images/MN1018.jpg HTTP/2.0" 200 207636 "https://www.moneta.at/notgeld-oesterreich/oberoesterreich/?page=38" "Mozilla/5.0 (Windows NT 10.0; Win64; x64) AppleWebKit/537.36 (KHTML, like Gecko) Chrome/151.0.0.0 Safari/537.36 Edg/151.0.0.0" "moneta.at"
90.146.47.57 - - [11/Aug/2026:05:50:38 +0200] "GET /images/product_images/info_images/MN1006.jpg HTTP/2.0" 200 214258 "https://www.moneta.at/notgeld-oesterreich/oberoesterreich/?page=38" "Mozilla/5.0 (Windows NT 10.0; Win64; x64) AppleWebKit/537.36 (KHTML, like Gecko) Chrome/151.0.0.0 Safari/537.36 Edg/151.0.0.0" "moneta.at"
90.146.47.57 - - [11/Aug/2026:05:50:38 +0200] "GET /images/product_images/info_images/MN1003.jpg HTTP/2.0" 200 290919 "https://www.moneta.at/notgeld-oesterreich/oberoesterreich/?page=38" "Mozilla/5.0 (Windows NT 10.0; Win64; x64) AppleWebKit/537.36 (KHTML, like Gecko) Chrome/151.0.0.0 Safari/537.36 Edg/151.0.0.0" "moneta.at"
90.146.47.57 - - [11/Aug/2026:05:50:38 +0200] "GET /images/product_images/info_images/MN1002.jpg HTTP/2.0" 200 291129 "https://www.moneta.at/notgeld-oesterreich/oberoesterreich/?page=38" "Mozilla/5.0 (Windows NT 10.0; Win64; x64) AppleWebKit/537.36 (KHTML, like Gecko) Chrome/151.0.0.0 Safari/537.36 Edg/151.0.0.0" "moneta.at"
90.146.47.57 - - [11/Aug/2026:05:50:38 +0200] "GET /images/product_images/info_images/MN1001.jpg HTTP/2.0" 200 189393 "https://www.moneta.at/notgeld-oesterreich/oberoesterreich/?page=38" "Mozilla/5.0 (Windows NT 10.0; Win64; x64) AppleWebKit/537.36 (KHTML, like Gecko) Chrome/151.0.0.0 Safari/537.36 Edg/151.0.0.0" "moneta.at"
111.225.148.21 - - [11/Aug/2026:05:50:47 +0200] "GET / HTTP/2.0" 403 715 "-" "Mozilla/5.0 (Linux; Android 5.0) AppleWebKit/537.36 (KHTML, like Gecko) Mobile Safari/537.36 (compatible; Bytespider; https://zhanzhang.toutiao.com/)" "moneta.at"
66.249.66.64 - - [11/Aug/2026:05:50:56 +0200] "GET /public/theme/javascripts/system/init-en.min.js?bust=dda2b7dbc85c79f1c71cf97888b4578f HTTP/1.1" 200 176226 "https://www.moneta.at/roemisch-deutsches-reich/maria-theresia-1740-1780/maria-theresia-taler-1780-s-f-mailand.html?language=en" "Mozilla/5.0 (Linux; Android 6.0.1; Nexus 5X Build/MMB29P) AppleWebKit/537.36 (KHTML, like Gecko) Chrome/150.0.7871.186 Mobile Safari/537.36 (compatible; Googlebot/2.1; +http://www.google.com/bot.html)" "moneta.at"
66.249.66.64 - - [11/Aug/2026:05:50:58 +0200] "GET /public/theme/javascripts/system/widgets/transitions.min.js?bust=dda2b7dbc85c79f1c71cf97888b4578f HTTP/1.1" 200 2002 "https://www.moneta.at/roemisch-deutsches-reich/maria-theresia-1740-1780/maria-theresia-taler-1780-s-f-mailand.html?language=en" "Mozilla/5.0 (Linux; Android 6.0.1; Nexus 5X Build/MMB29P) AppleWebKit/537.36 (KHTML, like Gecko) Chrome/150.0.7871.186 Mobile Safari/537.36 (compatible; Googlebot/2.1; +http://www.google.com/bot.html)" "moneta.at"
66.249.66.64 - - [11/Aug/2026:05:50:59 +0200] "GET /public/theme/javascripts/system/widgets/product_hover.min.js?bust=dda2b7dbc85c79f1c71cf97888b4578f HTTP/1.1" 200 2505 "https://www.moneta.at/roemisch-deutsches-reich/maria-theresia-1740-1780/maria-theresia-taler-1780-s-f-mailand.html?language=en" "Mozilla/5.0 (Linux; Android 6.0.1; Nexus 5X Build/MMB29P) AppleWebKit/537.36 (KHTML, like Gecko) Chrome/150.0.7871.186 Mobile Safari/537.36 (compatible; Googlebot/2.1; +http://www.google.com/bot.html)" "moneta.at"
66.249.66.64 - - [11/Aug/2026:05:50:59 +0200] "GET /public/theme/javascripts/system/widgets/menu.min.js?bust=dda2b7dbc85c79f1c71cf97888b4578f HTTP/1.1" 200 4068 "https://www.moneta.at/roemisch-deutsches-reich/maria-theresia-1740-1780/maria-theresia-taler-1780-s-f-mailand.html?language=en" "Mozilla/5.0 (Linux; Android 6.0.1; Nexus 5X Build/MMB29P) AppleWebKit/537.36 (KHTML, like Gecko) Chrome/150.0.7871.186 Mobile Safari/537.36 (compatible; Googlebot/2.1; +http://www.google.com/bot.html)" "moneta.at"
66.249.66.64 - - [11/Aug/2026:05:51:00 +0200] "GET /public/theme/javascripts/system/widgets/swiper.min.js?bust=dda2b7dbc85c79f1c71cf97888b4578f HTTP/1.1" 200 3080 "https://www.moneta.at/roemisch-deutsches-reich/maria-theresia-1740-1780/maria-theresia-taler-1780-s-f-mailand.html?language=en" "Mozilla/5.0 (Linux; Android 6.0.1; Nexus 5X Build/MMB29P) AppleWebKit/537.36 (KHTML, like Gecko) Chrome/150.0.7871.186 Mobile Safari/537.36 (compatible; Googlebot/2.1; +http://www.google.com/bot.html)" "moneta.at"
66.249.66.64 - - [11/Aug/2026:05:51:00 +0200] "GET /public/theme/javascripts/system/widgets/responsive_image_loader.min.js?bust=dda2b7dbc85c79f1c71cf97888b4578f HTTP/1.1" 200 1941 "https://www.moneta.at/roemisch-deutsches-reich/maria-theresia-1740-1780/maria-theresia-taler-1780-s-f-mailand.html?language=en" "Mozilla/5.0 (Linux; Android 6.0.1; Nexus 5X Build/MMB29P) AppleWebKit/537.36 (KHTML, like Gecko) Chrome/150.0.7871.186 Mobile Safari/537.36 (compatible; Googlebot/2.1; +http://www.google.com/bot.html)" "moneta.at"
66.249.66.64 - - [11/Aug/2026:05:51:01 +0200] "GET /public/theme/javascripts/system/widgets/mobile_menu.min.js?bust=dda2b7dbc85c79f1c71cf97888b4578f HTTP/1.1" 200 1999 "https://www.moneta.at/roemisch-deutsches-reich/maria-theresia-1740-1780/maria-theresia-taler-1780-s-f-mailand.html?language=en" "Mozilla/5.0 (Linux; Android 6.0.1; Nexus 5X Build/MMB29P) AppleWebKit/537.36 (KHTML, like Gecko) Chrome/150.0.7871.186 Mobile Safari/537.36 (compatible; Googlebot/2.1; +http://www.google.com/bot.html)" "moneta.at"
66.249.66.64 - - [11/Aug/2026:05:51:02 +0200] "GET /public/theme/javascripts/system/widgets/magnifier.min.js?bust=dda2b7dbc85c79f1c71cf97888b4578f HTTP/1.1" 200 2029 "https://www.moneta.at/roemisch-deutsches-reich/maria-theresia-1740-1780/maria-theresia-taler-1780-s-f-mailand.html?language=en" "Mozilla/5.0 (Linux; Android 6.0.1; Nexus 5X Build/MMB29P) AppleWebKit/537.36 (KHTML, like Gecko) Chrome/150.0.7871.186 Mobile Safari/537.36 (compatible; Googlebot/2.1; +http://www.google.com/bot.html)" "moneta.at"
66.249.66.64 - - [11/Aug/2026:05:51:02 +0200] "GET /public/theme/javascripts/system/widgets/image_gallery.min.js?bust=dda2b7dbc85c79f1c71cf97888b4578f HTTP/1.1" 200 1876 "https://www.moneta.at/roemisch-deutsches-reich/maria-theresia-1740-1780/maria-theresia-taler-1780-s-f-mailand.html?language=en" "Mozilla/5.0 (Linux; Android 6.0.1; Nexus 5X Build/MMB29P) AppleWebKit/537.36 (KHTML, like Gecko) Chrome/150.0.7871.186 Mobile Safari/537.36 (compatible; Googlebot/2.1; +http://www.google.com/bot.html)" "moneta.at"
66.249.66.64 - - [11/Aug/2026:05:51:03 +0200] "GET /public/theme/javascripts/system/widgets/input_number.min.js?bust=dda2b7dbc85c79f1c71cf97888b4578f HTTP/1.1" 200 2134 "https://www.moneta.at/roemisch-deutsches-reich/maria-theresia-1740-1780/maria-theresia-taler-1780-s-f-mailand.html?language=en" "Mozilla/5.0 (Linux; Android 6.0.1; Nexus 5X Build/MMB29P) AppleWebKit/537.36 (KHTML, like Gecko) Chrome/150.0.7871.186 Mobile Safari/537.36 (compatible; Googlebot/2.1; +http://www.google.com/bot.html)" "moneta.at"
66.249.66.64 - - [11/Aug/2026:05:51:03 +0200] "GET /public/theme/javascripts/system/widgets/product_min_height_fix.min.js?bust=dda2b7dbc85c79f1c71cf97888b4578f HTTP/1.1" 200 1559 "https://www.moneta.at/roemisch-deutsches-reich/maria-theresia-1740-1780/maria-theresia-taler-1780-s-f-mailand.html?language=en" "Mozilla/5.0 (Linux; Android 6.0.1; Nexus 5X Build/MMB29P) AppleWebKit/537.36 (KHTML, like Gecko) Chrome/150.0.7871.186 Mobile Safari/537.36 (compatible; Googlebot/2.1; +http://www.google.com/bot.html)" "moneta.at"
66.249.66.64 - - [11/Aug/2026:05:51:04 +0200] "GET /public/theme/javascripts/system/widgets/stickybox.min.js?bust=dda2b7dbc85c79f1c71cf97888b4578f HTTP/1.1" 200 2495 "https://www.moneta.at/roemisch-deutsches-reich/maria-theresia-1740-1780/maria-theresia-taler-1780-s-f-mailand.html?language=en" "Mozilla/5.0 (Linux; Android 6.0.1; Nexus 5X Build/MMB29P) AppleWebKit/537.36 (KHTML, like Gecko) Chrome/150.0.7871.186 Mobile Safari/537.36 (compatible; Googlebot/2.1; +http://www.google.com/bot.html)" "moneta.at"
66.249.66.64 - - [11/Aug/2026:05:51:04 +0200] "GET /public/theme/javascripts/system/widgets/dropdown.min.js?bust=dda2b7dbc85c79f1c71cf97888b4578f HTTP/1.1" 200 2371 "https://www.moneta.at/roemisch-deutsches-reich/maria-theresia-1740-1780/maria-theresia-taler-1780-s-f-mailand.html?language=en" "Mozilla/5.0 (Linux; Android 6.0.1; Nexus 5X Build/MMB29P) AppleWebKit/537.36 (KHTML, like Gecko) Chrome/150.0.7871.186 Mobile Safari/537.36 (compatible; Googlebot/2.1; +http://www.google.com/bot.html)" "moneta.at"
90.146.47.57 - - [11/Aug/2026:05:51:04 +0200] "GET /notgeld-oesterreich/oberoesterreich/?page=37 HTTP/2.0" 200 17678 "https://www.moneta.at/notgeld-oesterreich/oberoesterreich/?page=38" "Mozilla/5.0 (Windows NT 10.0; Win64; x64) AppleWebKit/537.36 (KHTML, like Gecko) Chrome/151.0.0.0 Safari/537.36 Edg/151.0.0.0" "moneta.at"
90.146.47.57 - - [11/Aug/2026:05:51:05 +0200] "GET /images/product_images/info_images/MN1074.jpg HTTP/2.0" 200 219315 "https://www.moneta.at/notgeld-oesterreich/oberoesterreich/?page=37" "Mozilla/5.0 (Windows NT 10.0; Win64; x64) AppleWebKit/537.36 (KHTML, like Gecko) Chrome/151.0.0.0 Safari/537.36 Edg/151.0.0.0" "moneta.at"
90.146.47.57 - - [11/Aug/2026:05:51:05 +0200] "GET /images/product_images/info_images/MN1072.jpg HTTP/2.0" 200 238253 "https://www.moneta.at/notgeld-oesterreich/oberoesterreich/?page=37" "Mozilla/5.0 (Windows NT 10.0; Win64; x64) AppleWebKit/537.36 (KHTML, like Gecko) Chrome/151.0.0.0 Safari/537.36 Edg/151.0.0.0" "moneta.at"
90.146.47.57 - - [11/Aug/2026:05:51:05 +0200] "GET /images/product_images/info_images/MN1071.jpg HTTP/2.0" 200 146212 "https://www.moneta.at/notgeld-oesterreich/oberoesterreich/?page=37" "Mozilla/5.0 (Windows NT 10.0; Win64; x64) AppleWebKit/537.36 (KHTML, like Gecko) Chrome/151.0.0.0 Safari/537.36 Edg/151.0.0.0" "moneta.at"
90.146.47.57 - - [11/Aug/2026:05:51:05 +0200] "GET /images/product_images/info_images/MN1070.jpg HTTP/2.0" 200 193787 "https://www.moneta.at/notgeld-oesterreich/oberoesterreich/?page=37" "Mozilla/5.0 (Windows NT 10.0; Win64; x64) AppleWebKit/537.36 (KHTML, like Gecko) Chrome/151.0.0.0 Safari/537.36 Edg/151.0.0.0" "moneta.at"
90.146.47.57 - - [11/Aug/2026:05:51:05 +0200] "GET /images/product_images/info_images/MN1068.jpg HTTP/2.0" 200 210481 "https://www.moneta.at/notgeld-oesterreich/oberoesterreich/?page=37" "Mozilla/5.0 (Windows NT 10.0; Win64; x64) AppleWebKit/537.36 (KHTML, like Gecko) Chrome/151.0.0.0 Safari/537.36 Edg/151.0.0.0" "moneta.at"
66.249.66.64 - - [11/Aug/2026:05:51:05 +0200] "GET /public/theme/javascripts/system/widgets/link_crypter.min.js?bust=dda2b7dbc85c79f1c71cf97888b4578f HTTP/1.1" 200 1575 "https://www.moneta.at/roemisch-deutsches-reich/maria-theresia-1740-1780/maria-theresia-taler-1780-s-f-mailand.html?language=en" "Mozilla/5.0 (Linux; Android 6.0.1; Nexus 5X Build/MMB29P) AppleWebKit/537.36 (KHTML, like Gecko) Chrome/150.0.7871.186 Mobile Safari/537.36 (compatible; Googlebot/2.1; +http://www.google.com/bot.html)" "moneta.at"
66.249.66.64 - - [11/Aug/2026:05:51:05 +0200] "GET /public/theme/javascripts/system/widgets/header.min.js?bust=dda2b7dbc85c79f1c71cf97888b4578f HTTP/1.1" 200 1749 "https://www.moneta.at/roemisch-deutsches-reich/maria-theresia-1740-1780/maria-theresia-taler-1780-s-f-mailand.html?language=en" "Mozilla/5.0 (Linux; Android 6.0.1; Nexus 5X Build/MMB29P) AppleWebKit/537.36 (KHTML, like Gecko) Chrome/150.0.7871.186 Mobile Safari/537.36 (compatible; Googlebot/2.1; +http://www.google.com/bot.html)" "moneta.at"
